{"id":582,"date":"2016-03-09T14:01:50","date_gmt":"2016-03-09T13:01:50","guid":{"rendered":"http:\/\/www.truckxgroup.de\/truck-center-lauenau\/?page_id=582"},"modified":"2023-10-23T14:10:00","modified_gmt":"2023-10-23T12:10:00","slug":"bus-service","status":"publish","type":"page","link":"https:\/\/www.truckxxgroup.de\/truck-center-minden\/bus-service\/","title":{"rendered":"Bus-Service"},"content":{"rendered":"<div class=\"wpb-content-wrapper\"><p>[vc_row][vc_column width=&#8221;2\/3&#8243;][vc_column_text]<\/p>\n<h3>Bus Werkstatt in Minden<\/h3>\n<p>Die hohe Zuverl\u00e4ssigkeit Ihrer Busse ist der vielleicht wichtigste Grund f\u00fcr Ihren Erfolg. Wir sind den immer h\u00f6her werdenden Anforderungen an den Reise- und Linienbus gewachsen. Schulungen auf allen Bauteilen sowie entsprechende Werkstattausr\u00fcstungen einschlie\u00dflich EDV-Unterst\u00fctzung sind der Garant f\u00fcr eine schnelle L\u00f6sung von Problemen.<\/p>\n<p><strong>Wir haben Erfahrung mit:<\/strong><\/p>\n<ul>\n<li>Konvektor &#8211; Klimaanlagen und Steuerungen<\/li>\n<li>Wabco &#8211; T\u00fcrsteuerungen<\/li>\n<li>Vogel und Kiel Bestuhlungen<\/li>\n<li>Kikert und Bode T\u00fcranlagen<\/li>\n<li>Frenzel Einbauk\u00fcchen und K\u00fchlschr\u00e4nke<\/li>\n<li>Lackierungen und Beschriftungen<\/li>\n<li>Scheibenservice<\/li>\n<li>Stand- und Zusatzheizungen<\/li>\n<li>Instandsetzung und Reinigung von Teppichb\u00f6den, Verkleidungen und Bestuhlungen<\/li>\n<\/ul>\n<p>[\/vc_column_text][\/vc_column][vc_column width=&#8221;1\/3&#8243;][vc_single_image image=&#8221;712&#8243; img_size=&#8221;full&#8221;][\/vc_column][\/vc_row]<\/p>\n<\/div>","protected":false},"excerpt":{"rendered":"<p>[vc_row][vc_column width=&#8221;2\/3&#8243;][vc_column_text] Bus Werkstatt in Minden Die hohe Zuverl\u00e4ssigkeit Ihrer Busse ist der vielleicht wichtigste Grund f\u00fcr Ihren Erfolg. Wir sind den immer h\u00f6her werdenden Anforderungen an den Reise- und Linienbus gewachsen. Schulungen auf allen Bauteilen sowie entsprechende Werkstattausr\u00fcstungen einschlie\u00dflich EDV-Unterst\u00fctzung sind der Garant f\u00fcr eine schnelle L\u00f6sung von Problemen. Wir haben Erfahrung mit: Konvektor&hellip;<\/p>\n","protected":false},"author":2,"featured_media":0,"parent":0,"menu_order":0,"comment_status":"closed","ping_status":"open","template":"","meta":{"footnotes":""},"class_list":["post-582","page","type-page","status-publish","hentry","description-off"],"_links":{"self":[{"href":"https:\/\/www.truckxxgroup.de\/truck-center-minden\/wp-json\/wp\/v2\/pages\/582","targetHints":{"allow":["GET"]}}],"collection":[{"href":"https:\/\/www.truckxxgroup.de\/truck-center-minden\/wp-json\/wp\/v2\/pages"}],"about":[{"href":"https:\/\/www.truckxxgroup.de\/truck-center-minden\/wp-json\/wp\/v2\/types\/page"}],"author":[{"embeddable":true,"href":"https:\/\/www.truckxxgroup.de\/truck-center-minden\/wp-json\/wp\/v2\/users\/2"}],"replies":[{"embeddable":true,"href":"https:\/\/www.truckxxgroup.de\/truck-center-minden\/wp-json\/wp\/v2\/comments?post=582"}],"version-history":[{"count":4,"href":"https:\/\/www.truckxxgroup.de\/truck-center-minden\/wp-json\/wp\/v2\/pages\/582\/revisions"}],"predecessor-version":[{"id":714,"href":"https:\/\/www.truckxxgroup.de\/truck-center-minden\/wp-json\/wp\/v2\/pages\/582\/revisions\/714"}],"wp:attachment":[{"href":"https:\/\/www.truckxxgroup.de\/truck-center-minden\/wp-json\/wp\/v2\/media?parent=582"}],"curies":[{"name":"wp","href":"https:\/\/api.w.org\/{rel}","templated":true}]}}