{"id":582,"date":"2016-03-09T14:01:50","date_gmt":"2016-03-09T13:01:50","guid":{"rendered":"http:\/\/www.truckxgroup.de\/truck-center-lauenau\/?page_id=582"},"modified":"2023-10-23T11:26:11","modified_gmt":"2023-10-23T09:26:11","slug":"bus-service","status":"publish","type":"page","link":"https:\/\/www.truckxxgroup.de\/truck-center-lauenau\/bus-service\/","title":{"rendered":"Bus-Service"},"content":{"rendered":"<div class=\"wpb-content-wrapper\"><p>[vc_row][vc_column width=&#8221;2\/3&#8243;][vc_column_text]<\/p>\n<h3>Bus Werkstatt in Lauenau an der A2<\/h3>\n<p>Die hohe Zuverl\u00e4ssigkeit Ihrer Busse ist der vielleicht wichtigste Grund f\u00fcr Ihren Erfolg. Wir sind den immer h\u00f6her werdenden Anforderungen an den Reise- und Linienbus gewachsen. Schulungen auf allen Bauteilen sowie entsprechende Werkstattausr\u00fcstungen einschlie\u00dflich EDV-Unterst\u00fctzung sind der Garant f\u00fcr eine schnelle L\u00f6sung von Problemen.<\/p>\n<p><strong>Wir haben Erfahrung mit:<\/strong><\/p>\n<ul>\n<li>Konvektor &#8211; Klimaanlagen und Steuerungen<\/li>\n<li>Wabco &#8211; T\u00fcrsteuerungen<\/li>\n<li>Vogel und Kiel Bestuhlungen<\/li>\n<li>Kikert und Bode T\u00fcranlagen<\/li>\n<li>Frenzel Einbauk\u00fcchen und K\u00fchlschr\u00e4nke<\/li>\n<li>Lackierungen und Beschriftungen<\/li>\n<li>Scheibenservice<\/li>\n<li>Stand- und Zusatzheizungen<\/li>\n<li>Gelenkbusspezialisierung<\/li>\n<li>Instandsetzung und Reinigung von Teppichb\u00f6den, Verkleidungen und Bestuhlungen<\/li>\n<\/ul>\n<p>[\/vc_column_text][\/vc_column][vc_column width=&#8221;1\/3&#8243;][\/vc_column][\/vc_row][vc_row][vc_column][vc_separator][\/vc_column][\/vc_row][vc_row][vc_column][\/vc_column][\/vc_row]<\/p>\n<\/div>","protected":false},"excerpt":{"rendered":"<p>[vc_row][vc_column width=&#8221;2\/3&#8243;][vc_column_text] Bus Werkstatt in Lauenau an der A2 Die hohe Zuverl\u00e4ssigkeit Ihrer Busse ist der vielleicht wichtigste Grund f\u00fcr Ihren Erfolg. Wir sind den immer h\u00f6her werdenden Anforderungen an den Reise- und Linienbus gewachsen. Schulungen auf allen Bauteilen sowie entsprechende Werkstattausr\u00fcstungen einschlie\u00dflich EDV-Unterst\u00fctzung sind der Garant f\u00fcr eine schnelle L\u00f6sung von Problemen. Wir haben&hellip;<\/p>\n","protected":false},"author":2,"featured_media":0,"parent":0,"menu_order":0,"comment_status":"closed","ping_status":"open","template":"","meta":{"footnotes":""},"class_list":["post-582","page","type-page","status-publish","hentry","description-off"],"yoast_head":"<!-- This site is optimized with the Yoast SEO plugin v24.2 - https:\/\/yoast.com\/wordpress\/plugins\/seo\/ -->\n<title>Bus-Service - Truck Center Lauenau GmbH<\/title>\n<meta name=\"robots\" content=\"index, follow, max-snippet:-1, max-image-preview:large, max-video-preview:-1\" \/>\n<link rel=\"canonical\" href=\"https:\/\/www.truckxxgroup.de\/truck-center-lauenau\/bus-service\/\" \/>\n<meta property=\"og:locale\" content=\"de_DE\" \/>\n<meta property=\"og:type\" content=\"article\" \/>\n<meta property=\"og:title\" content=\"Bus-Service - Truck Center Lauenau GmbH\" \/>\n<meta property=\"og:description\" content=\"[vc_row][vc_column width=&#8221;2\/3&#8243;][vc_column_text] Bus Werkstatt in Lauenau an der A2 Die hohe Zuverl\u00e4ssigkeit Ihrer Busse ist der vielleicht wichtigste Grund f\u00fcr Ihren Erfolg. Wir sind den immer h\u00f6her werdenden Anforderungen an den Reise- und Linienbus gewachsen. Schulungen auf allen Bauteilen sowie entsprechende Werkstattausr\u00fcstungen einschlie\u00dflich EDV-Unterst\u00fctzung sind der Garant f\u00fcr eine schnelle L\u00f6sung von Problemen. Wir haben&hellip;\" \/>\n<meta property=\"og:url\" content=\"https:\/\/www.truckxxgroup.de\/truck-center-lauenau\/bus-service\/\" \/>\n<meta property=\"og:site_name\" content=\"Truck Center Lauenau GmbH\" \/>\n<meta property=\"article:modified_time\" content=\"2023-10-23T09:26:11+00:00\" \/>\n<meta name=\"twitter:card\" content=\"summary_large_image\" \/>\n<meta name=\"twitter:label1\" content=\"Gesch\u00e4tzte Lesezeit\" \/>\n\t<meta name=\"twitter:data1\" content=\"1 Minute\" \/>\n<script type=\"application\/ld+json\" class=\"yoast-schema-graph\">{\"@context\":\"https:\/\/schema.org\",\"@graph\":[{\"@type\":\"WebPage\",\"@id\":\"https:\/\/www.truckxxgroup.de\/truck-center-lauenau\/bus-service\/\",\"url\":\"https:\/\/www.truckxxgroup.de\/truck-center-lauenau\/bus-service\/\",\"name\":\"Bus-Service - Truck Center Lauenau GmbH\",\"isPartOf\":{\"@id\":\"https:\/\/www.truckxxgroup.de\/truck-center-lauenau\/#website\"},\"datePublished\":\"2016-03-09T13:01:50+00:00\",\"dateModified\":\"2023-10-23T09:26:11+00:00\",\"breadcrumb\":{\"@id\":\"https:\/\/www.truckxxgroup.de\/truck-center-lauenau\/bus-service\/#breadcrumb\"},\"inLanguage\":\"de\",\"potentialAction\":[{\"@type\":\"ReadAction\",\"target\":[\"https:\/\/www.truckxxgroup.de\/truck-center-lauenau\/bus-service\/\"]}]},{\"@type\":\"BreadcrumbList\",\"@id\":\"https:\/\/www.truckxxgroup.de\/truck-center-lauenau\/bus-service\/#breadcrumb\",\"itemListElement\":[{\"@type\":\"ListItem\",\"position\":1,\"name\":\"Home\",\"item\":\"https:\/\/www.truckxxgroup.de\/truck-center-lauenau\/\"},{\"@type\":\"ListItem\",\"position\":2,\"name\":\"Bus-Service\"}]},{\"@type\":\"WebSite\",\"@id\":\"https:\/\/www.truckxxgroup.de\/truck-center-lauenau\/#website\",\"url\":\"https:\/\/www.truckxxgroup.de\/truck-center-lauenau\/\",\"name\":\"Truck Center Lauenau GmbH\",\"description\":\"Ihre Lkw \/ Nutzfahrzeug-Werkstatt in Lauenau\",\"potentialAction\":[{\"@type\":\"SearchAction\",\"target\":{\"@type\":\"EntryPoint\",\"urlTemplate\":\"https:\/\/www.truckxxgroup.de\/truck-center-lauenau\/?s={search_term_string}\"},\"query-input\":{\"@type\":\"PropertyValueSpecification\",\"valueRequired\":true,\"valueName\":\"search_term_string\"}}],\"inLanguage\":\"de\"}]}<\/script>\n<!-- \/ Yoast SEO plugin. -->","yoast_head_json":{"title":"Bus-Service - Truck Center Lauenau GmbH","robots":{"index":"index","follow":"follow","max-snippet":"max-snippet:-1","max-image-preview":"max-image-preview:large","max-video-preview":"max-video-preview:-1"},"canonical":"https:\/\/www.truckxxgroup.de\/truck-center-lauenau\/bus-service\/","og_locale":"de_DE","og_type":"article","og_title":"Bus-Service - Truck Center Lauenau GmbH","og_description":"[vc_row][vc_column width=&#8221;2\/3&#8243;][vc_column_text] Bus Werkstatt in Lauenau an der A2 Die hohe Zuverl\u00e4ssigkeit Ihrer Busse ist der vielleicht wichtigste Grund f\u00fcr Ihren Erfolg. Wir sind den immer h\u00f6her werdenden Anforderungen an den Reise- und Linienbus gewachsen. Schulungen auf allen Bauteilen sowie entsprechende Werkstattausr\u00fcstungen einschlie\u00dflich EDV-Unterst\u00fctzung sind der Garant f\u00fcr eine schnelle L\u00f6sung von Problemen. Wir haben&hellip;","og_url":"https:\/\/www.truckxxgroup.de\/truck-center-lauenau\/bus-service\/","og_site_name":"Truck Center Lauenau GmbH","article_modified_time":"2023-10-23T09:26:11+00:00","twitter_card":"summary_large_image","twitter_misc":{"Gesch\u00e4tzte Lesezeit":"1 Minute"},"schema":{"@context":"https:\/\/schema.org","@graph":[{"@type":"WebPage","@id":"https:\/\/www.truckxxgroup.de\/truck-center-lauenau\/bus-service\/","url":"https:\/\/www.truckxxgroup.de\/truck-center-lauenau\/bus-service\/","name":"Bus-Service - Truck Center Lauenau GmbH","isPartOf":{"@id":"https:\/\/www.truckxxgroup.de\/truck-center-lauenau\/#website"},"datePublished":"2016-03-09T13:01:50+00:00","dateModified":"2023-10-23T09:26:11+00:00","breadcrumb":{"@id":"https:\/\/www.truckxxgroup.de\/truck-center-lauenau\/bus-service\/#breadcrumb"},"inLanguage":"de","potentialAction":[{"@type":"ReadAction","target":["https:\/\/www.truckxxgroup.de\/truck-center-lauenau\/bus-service\/"]}]},{"@type":"BreadcrumbList","@id":"https:\/\/www.truckxxgroup.de\/truck-center-lauenau\/bus-service\/#breadcrumb","itemListElement":[{"@type":"ListItem","position":1,"name":"Home","item":"https:\/\/www.truckxxgroup.de\/truck-center-lauenau\/"},{"@type":"ListItem","position":2,"name":"Bus-Service"}]},{"@type":"WebSite","@id":"https:\/\/www.truckxxgroup.de\/truck-center-lauenau\/#website","url":"https:\/\/www.truckxxgroup.de\/truck-center-lauenau\/","name":"Truck Center Lauenau GmbH","description":"Ihre Lkw \/ Nutzfahrzeug-Werkstatt in Lauenau","potentialAction":[{"@type":"SearchAction","target":{"@type":"EntryPoint","urlTemplate":"https:\/\/www.truckxxgroup.de\/truck-center-lauenau\/?s={search_term_string}"},"query-input":{"@type":"PropertyValueSpecification","valueRequired":true,"valueName":"search_term_string"}}],"inLanguage":"de"}]}},"_links":{"self":[{"href":"https:\/\/www.truckxxgroup.de\/truck-center-lauenau\/wp-json\/wp\/v2\/pages\/582","targetHints":{"allow":["GET"]}}],"collection":[{"href":"https:\/\/www.truckxxgroup.de\/truck-center-lauenau\/wp-json\/wp\/v2\/pages"}],"about":[{"href":"https:\/\/www.truckxxgroup.de\/truck-center-lauenau\/wp-json\/wp\/v2\/types\/page"}],"author":[{"embeddable":true,"href":"https:\/\/www.truckxxgroup.de\/truck-center-lauenau\/wp-json\/wp\/v2\/users\/2"}],"replies":[{"embeddable":true,"href":"https:\/\/www.truckxxgroup.de\/truck-center-lauenau\/wp-json\/wp\/v2\/comments?post=582"}],"version-history":[{"count":2,"href":"https:\/\/www.truckxxgroup.de\/truck-center-lauenau\/wp-json\/wp\/v2\/pages\/582\/revisions"}],"predecessor-version":[{"id":10482,"href":"https:\/\/www.truckxxgroup.de\/truck-center-lauenau\/wp-json\/wp\/v2\/pages\/582\/revisions\/10482"}],"wp:attachment":[{"href":"https:\/\/www.truckxxgroup.de\/truck-center-lauenau\/wp-json\/wp\/v2\/media?parent=582"}],"curies":[{"name":"wp","href":"https:\/\/api.w.org\/{rel}","templated":true}]}}