{"id":4,"date":"2015-07-13T14:51:19","date_gmt":"2015-07-13T12:51:19","guid":{"rendered":"http:\/\/www.truckxgroup.detestwww\/transportkuehlung-hannover\/?page_id=4"},"modified":"2024-02-14T10:57:40","modified_gmt":"2024-02-14T09:57:40","slug":"startseite","status":"publish","type":"page","link":"https:\/\/www.truckxxgroup.de\/truck-center-halberstadt\/","title":{"rendered":"Startseite"},"content":{"rendered":"<div class=\"wpb-content-wrapper\"><p>[vc_row][vc_column]\n\t\t\t<!-- START homepagegsh REVOLUTION SLIDER 6.7.37 --><p class=\"rs-p-wp-fix\"><\/p>\n\t\t\t<rs-module-wrap id=\"rev_slider_1_1_wrapper\" data-source=\"gallery\" style=\"visibility:hidden;background:#E9E9E9;padding:0;margin:0px auto;margin-top:0;margin-bottom:0;\">\n\t\t\t\t<rs-module id=\"rev_slider_1_1\" style=\"\" data-version=\"6.7.37\">\n\t\t\t\t\t<rs-slides style=\"overflow: hidden; position: absolute;\">\n\t\t\t\t\t\t<rs-slide style=\"position: absolute;\" data-key=\"rs-1\" data-title=\"Slide\" data-thumb=\"\/\/www.truckxxgroup.de\/truck-center-halberstadt\/wp-content\/uploads\/sites\/11\/2018\/05\/truckcenterhalberstadt-gmbh-slider_2-100x50.jpg\" data-anim=\"d:20;p:dark;f:slidebased;\" data-in=\"prst:rndany;o:0;x:(15%);sx:0.8;sy:0.8;e:power2.out;row:5;col:5;\" data-out=\"o:0;x:(-15%);sx:0.8;sy:0.8;e:power2.in;row:5;col:5;\">\n\t\t\t\t\t\t\t<img decoding=\"async\" src=\"\/\/www.truckxxgroup.de\/truck-center-halberstadt\/wp-content\/plugins\/revslider\/sr6\/assets\/assets\/dummy.png\" alt=\"\" title=\"Startseite\" class=\"rev-slidebg tp-rs-img rs-lazyload\" data-lazyload=\"\/\/www.truckxxgroup.de\/truck-center-halberstadt\/wp-content\/uploads\/sites\/11\/2018\/05\/truckcenterhalberstadt-gmbh-slider_2.jpg\" data-bg=\"p:center top;\" data-no-retina>\n<!--\n\t\t\t\t\t\t\t--><rs-layer\n\t\t\t\t\t\t\t\tid=\"slider-1-slide-1-layer-0\" \n\t\t\t\t\t\t\t\tclass=\"whitethickbluebg47px\"\n\t\t\t\t\t\t\t\tdata-type=\"text\"\n\t\t\t\t\t\t\t\tdata-color=\"#ffffff\"\n\t\t\t\t\t\t\t\tdata-rsp_ch=\"on\"\n\t\t\t\t\t\t\t\tdata-xy=\"x:8px;y:455px;\"\n\t\t\t\t\t\t\t\tdata-text=\"s:47;l:52;ls:-2px;fw:800;\"\n\t\t\t\t\t\t\t\tdata-frame_1=\"st:1500;\"\n\t\t\t\t\t\t\t\tdata-frame_999=\"st:8400;auto:true;\"\n\t\t\t\t\t\t\t\tstyle=\"z-index:5;background-color:rgba(0,97,161,0.85);font-family:'Open Sans';text-shadow:0px 2px 5px rgba(0, 0, 0, 0.5)\nwhite-space:nowrap;\"\n\t\t\t\t\t\t\t>Ihr Nutzfahrzeugpartner aus Halberstadt. \n\t\t\t\t\t\t\t<\/rs-layer><!--\n\n\t\t\t\t\t\t\t--><rs-layer\n\t\t\t\t\t\t\t\tid=\"slider-1-slide-1-layer-1\" \n\t\t\t\t\t\t\t\tclass=\"whitethicksmallergreybg37px\"\n\t\t\t\t\t\t\t\tdata-type=\"text\"\n\t\t\t\t\t\t\t\tdata-color=\"#ffffff\"\n\t\t\t\t\t\t\t\tdata-rsp_ch=\"on\"\n\t\t\t\t\t\t\t\tdata-xy=\"x:513px;y:520px;\"\n\t\t\t\t\t\t\t\tdata-text=\"s:37;l:39;ls:-2px;fw:800;\"\n\t\t\t\t\t\t\t\tdata-frame_1=\"st:3000;\"\n\t\t\t\t\t\t\t\tdata-frame_999=\"st:8400;auto:true;\"\n\t\t\t\t\t\t\t\tstyle=\"z-index:6;background-color:rgba(218,218,218,1);font-family:'Open Sans';text-shadow:0px 2px 5px rgba(0, 0, 0, 0.5)\nwhite-space:nowrap;\"\n\t\t\t\t\t\t\t>Truck Center Halberstadt GmbH \n\t\t\t\t\t\t\t<\/rs-layer><!--\n-->\t\t\t\t\t<\/rs-slide>\n\t\t\t\t\t\t<rs-slide style=\"position: absolute;\" data-key=\"rs-2\" data-title=\"Turn Detect\" data-thumb=\"\/\/www.truckxxgroup.de\/truck-center-halberstadt\/wp-content\/uploads\/sites\/11\/2019\/06\/Slider-LUIS-Turn-Detect-100x50.jpg\" data-link=\"\/\/www.truckxxgroup.de\/blog\/luis-abbiegeassistent-turn-detect-jetzt-bei-allen-truckxxgroup-betrieben-erhaeltlich\/\" data-tag=\"l\" data-target=\"_blank\" data-seoz=\"front\" data-in=\"prst:rndany;x:(100%);\" data-out=\"a:false;\">\n\t\t\t\t\t\t\t<img decoding=\"async\" src=\"\/\/www.truckxxgroup.de\/truck-center-halberstadt\/wp-content\/plugins\/revslider\/sr6\/assets\/assets\/dummy.png\" alt=\"\" title=\"Startseite\" class=\"rev-slidebg tp-rs-img rs-lazyload\" data-lazyload=\"\/\/www.truckxxgroup.de\/truck-center-halberstadt\/wp-content\/uploads\/sites\/11\/2019\/06\/Slider-LUIS-Turn-Detect.jpg\" data-no-retina>\n<!---->\t\t\t\t\t<\/rs-slide>\n\t\t\t\t\t<\/rs-slides>\n\t\t\t\t<\/rs-module>\n\t\t\t\t<script>\n\t\t\t\t\tsetREVStartSize({c: 'rev_slider_1_1',rl:[1240,1024,778,480],el:[575],gw:[1170],gh:[575],type:'standard',justify:'',layout:'fullwidth',mh:\"575px\"});if (window.RS_MODULES!==undefined && window.RS_MODULES.modules!==undefined && window.RS_MODULES.modules[\"revslider11\"]!==undefined) {window.RS_MODULES.modules[\"revslider11\"].once = false;window.revapi1 = undefined;if (window.RS_MODULES.checkMinimal!==undefined) window.RS_MODULES.checkMinimal()}\n\t\t\t\t<\/script>\n\t\t\t<\/rs-module-wrap>\n\t\t\t<!-- END REVOLUTION SLIDER -->\n[vc_empty_space][\/vc_column][\/vc_row][vc_row][vc_column][vc_column_text]<\/p>\n<h2 style=\"text-align: center; font-size: 43px; color: #0061a1;\">Truck Center Halberstadt GmbH<\/h2>\n<h3 style=\"text-align: center; font-size: 22px; color: black; font-weight: normal;\">Die Nutzfahrzeugspezialisten aus Sachsen-Anhalt.<\/h3>\n<p>[\/vc_column_text][\/vc_column][\/vc_row][vc_row][vc_column width=&#8221;1\/3&#8243;][vc_single_image image=&#8221;540&#8243; img_size=&#8221;full&#8221; style=&#8221;vc_box_shadow_3d&#8221;][\/vc_column][vc_column width=&#8221;2\/3&#8243;][vc_column_text]Ihr Nutzfahrzeug in guten H\u00e4nden.<\/p>\n<p>Die MAN-Vertragswerkstatt Truck Center Halberstadt GmbH bietet die Wartung, Reparatur und Instandsetzung f\u00fcr <a href=\"https:\/\/www.truckxxgroup.de\/truck-center-halberstadt\/nutzfahrzeug-service\/\">Nutzfahrzeuge<\/a>, <a href=\"https:\/\/www.truckxxgroup.de\/truck-center-halberstadt\/bus-service\/\">Omnibusse<\/a>, <a title=\"Wohnmobil-Service Werkstatt in Halberstadt\" href=\"https:\/\/www.truckxxgroup.de\/truck-center-halberstadt\/wohnmobil-service\/\">Wohnmobile<\/a>, Transporter und Anh\u00e4nger sowie deren Aufbauten und Anbauten aller g\u00e4ngigen Fabrikate.<\/p>\n<p>Die modernen Diagnosesysteme unterst\u00fctzen unser hoch motiviertes Fachpersonal bei der schnellen Diagnostik. Wir greifen auf ein sehr gut sortiertes Ersatzteillager mit \u00fcber 10.000 verschiedenen Artikeln zur\u00fcck. Somit ist eine hohe Verf\u00fcgbarkeit gew\u00e4hrleistet, die die Standzeit der Fahrzeuge auf ein Minimum reduziert.<\/p>\n<p>Einen 24 Stunden Service bieten wir f\u00fcr die Firmen MAN Nutzfahrzeuge und f\u00fcr DKV Euroservice.<\/p>\n<p>Ein Mietpark f\u00fcr LKW und Gabelstapler steht zu Ihrer Verf\u00fcgung. Vertragspartner f\u00fcr Gabelstapler ist die Firma NISSAN (UniCarriers).<\/p>\n<p>Zus\u00e4tzlich haben wir uns auf die <a href=\"https:\/\/www.truckxxgroup.de\/truck-center-halberstadt\/getriebereparatur\/\">Instandsetzung von Getrieben<\/a>, Achsgetrieben und Nebenantrieben spezialisiert.[\/vc_column_text][\/vc_column][\/vc_row][vc_row][vc_column][vc_separator][\/vc_column][\/vc_row][vc_row full_width=&#8221;stretch_row&#8221;][vc_column][vc_column_text]<\/p>\n<h2 style=\"color: #0061a1; text-align: center; font-size: 36px;\">24 Stunden Service f\u00fcr MAN Nutzfahrzeuge und DKV Euroservice<\/h2>\n<h3 style=\"color: #0061a1; text-align: center; font-size: 22px;\">Telefon: 0 39 41 \/ 69 69-0<\/h3>\n<p>[\/vc_column_text][vc_separator][\/vc_column][\/vc_row][vc_row][vc_column width=&#8221;1\/4&#8243;][vc_column_text css=&#8221;.vc_custom_1652861642155{border-top-width: 1px !important;border-right-width: 1px !important;border-bottom-width: 1px !important;border-left-width: 1px !important;padding-top: 5px !important;padding-right: 5px !important;padding-bottom: 5px !important;padding-left: 5px !important;border-left-color: #f2f2f2 !important;border-left-style: solid !important;border-right-color: #f2f2f2 !important;border-right-style: solid !important;border-top-color: #f2f2f2 !important;border-top-style: solid !important;border-bottom-color: #f2f2f2 !important;border-bottom-style: solid !important;}&#8221;]<\/p>\n<p style=\"text-align: center;\"><a href=\"https:\/\/www.mantruckandbus.com\/de\/\" target=\"_blank\" rel=\"noopener\"><img loading=\"lazy\" decoding=\"async\" class=\"alignnone size-full wp-image-544\" src=\"https:\/\/www.truckxxgroup.de\/truck-center-halberstadt\/wp-content\/uploads\/sites\/11\/2015\/07\/logo_man.jpg\" alt=\"MAN Werkstatt Halberstadt\" width=\"150\" height=\"85\" \/><\/a><\/p>\n<p style=\"text-align: center; font-size: 12px; line-height: 1.7;\">Als Vertragspartner der MAN Truck &amp; Bus Deutschland GmbH f\u00fcr die Halberstadt profitieren Sie von unserer jahrelangen Erfahrung im LKW und Bus Segment.<\/p>\n<p>[\/vc_column_text][\/vc_column][vc_column width=&#8221;1\/4&#8243;][vc_column_text css=&#8221;.vc_custom_1457514578373{border-top-width: 1px !important;border-right-width: 1px !important;border-bottom-width: 1px !important;border-left-width: 1px !important;padding-top: 5px !important;padding-right: 5px !important;padding-bottom: 5px !important;padding-left: 5px !important;border-left-color: #f2f2f2 !important;border-left-style: solid !important;border-right-color: #f2f2f2 !important;border-right-style: solid !important;border-top-color: #f2f2f2 !important;border-top-style: solid !important;border-bottom-color: #f2f2f2 !important;border-bottom-style: solid !important;}&#8221;]<\/p>\n<p style=\"text-align: center;\"><img loading=\"lazy\" decoding=\"async\" class=\"aligncenter wp-image-646 size-full\" src=\"https:\/\/www.truckxxgroup.de\/truck-center-halberstadt\/wp-content\/uploads\/sites\/11\/2015\/07\/vertragspartner-solaris.jpg\" alt=\"Solaris Servicepartner Halberstadt\" width=\"150\" height=\"85\" \/><\/p>\n<p style=\"text-align: center; font-size: 12px; line-height: 1.7;\">Als Vertragspartner von Solaris Bus &amp; Coach bekommen Sie im Truck Center Halberstadt Service, Wartung und Reparatur.<\/p>\n<p>[\/vc_column_text][\/vc_column][vc_column width=&#8221;1\/4&#8243;][vc_column_text css=&#8221;.vc_custom_1457514621333{border-top-width: 1px !important;border-right-width: 1px !important;border-bottom-width: 1px !important;border-left-width: 1px !important;padding-top: 5px !important;padding-right: 5px !important;padding-bottom: 5px !important;padding-left: 5px !important;border-left-color: #f2f2f2 !important;border-left-style: solid !important;border-right-color: #f2f2f2 !important;border-right-style: solid !important;border-top-color: #f2f2f2 !important;border-top-style: solid !important;border-bottom-color: #f2f2f2 !important;border-bottom-style: solid !important;}&#8221;]<img loading=\"lazy\" decoding=\"async\" class=\"aligncenter wp-image-568 size-full\" src=\"https:\/\/www.truckxxgroup.de\/truck-center-halberstadt\/wp-content\/uploads\/sites\/11\/2015\/07\/wabco-servicepartner-harz-halberstadt.jpg\" alt=\"Wabco Servicepartner am Harz in Halberstadt\" width=\"127\" height=\"85\" \/><\/p>\n<p style=\"text-align: center; font-size: 12px; line-height: 1.7;\">Als WABCO Servicecenter am Harz in Halberstadt f\u00fchren wir neben Service und Reparatur auch die Gew\u00e4hrleistungsabwicklung f\u00fcr Sie durch.<\/p>\n<p>[\/vc_column_text][\/vc_column][vc_column width=&#8221;1\/4&#8243;][vc_column_text css=&#8221;.vc_custom_1457356540297{border-top-width: 1px !important;border-right-width: 1px !important;border-bottom-width: 1px !important;border-left-width: 1px !important;padding-top: 5px !important;padding-right: 5px !important;padding-bottom: 5px !important;padding-left: 5px !important;border-left-color: #f2f2f2 !important;border-left-style: solid !important;border-right-color: #f2f2f2 !important;border-right-style: solid !important;border-top-color: #f2f2f2 !important;border-top-style: solid !important;border-bottom-color: #f2f2f2 !important;border-bottom-style: solid !important;}&#8221;]<img loading=\"lazy\" decoding=\"async\" class=\"aligncenter wp-image-547 size-full\" src=\"https:\/\/www.truckxxgroup.de\/truck-center-halberstadt\/wp-content\/uploads\/sites\/11\/2015\/07\/24h-notdienst-lkw.png\" alt=\"24 Stunden Notdienst Halberstadt\" width=\"127\" height=\"85\" \/><\/p>\n<p style=\"text-align: center; font-size: 12px; line-height: 1.7;\">Das Truck Center Halberstadt bietet folgende Services:<br \/>\n24 Stunden Service f\u00fcr MAN Nutzfahrzeuge<br \/>\n24 Stunden Service f\u00fcr DKV Euroservice<\/p>\n<p>[\/vc_column_text][\/vc_column][\/vc_row][vc_row][vc_column width=&#8221;1\/4&#8243;][vc_column_text css=&#8221;.vc_custom_1581941671138{border-top-width: 1px !important;border-right-width: 1px !important;border-bottom-width: 1px !important;border-left-width: 1px !important;padding-top: 5px !important;padding-right: 5px !important;padding-bottom: 5px !important;padding-left: 5px !important;border-left-color: #f2f2f2 !important;border-left-style: solid !important;border-right-color: #f2f2f2 !important;border-right-style: solid !important;border-top-color: #f2f2f2 !important;border-top-style: solid !important;border-bottom-color: #f2f2f2 !important;border-bottom-style: solid !important;}&#8221;]<\/p>\n<p style=\"text-align: center;\"><img loading=\"lazy\" decoding=\"async\" class=\"aligncenter wp-image-754\" src=\"https:\/\/www.truckxxgroup.de\/truck-center-halberstadt\/wp-content\/uploads\/sites\/11\/2020\/02\/meiller-kipper-servicepartner.png\" alt=\"\" width=\"150\" height=\"86\" \/><\/p>\n<p style=\"text-align: center; font-size: 12px; line-height: 1.7;\">Als Servicepartner und Aufbaupartner von Meiller steht ihnen das Truck Center Halberstadt f\u00fcr Reparatur, Service und Aufbau in Sachen Meiller Kipper als kompetenter Ansprechpartner zur Seite.<\/p>\n<p>[\/vc_column_text][\/vc_column][vc_column width=&#8221;1\/4&#8243;][vc_column_text css=&#8221;.vc_custom_1605880586145{border-top-width: 1px !important;border-right-width: 1px !important;border-bottom-width: 1px !important;border-left-width: 1px !important;padding-top: 5px !important;padding-right: 5px !important;padding-bottom: 5px !important;padding-left: 5px !important;border-left-color: #f2f2f2 !important;border-left-style: solid !important;border-right-color: #f2f2f2 !important;border-right-style: solid !important;border-top-color: #f2f2f2 !important;border-top-style: solid !important;border-bottom-color: #f2f2f2 !important;border-bottom-style: solid !important;}&#8221;]<\/p>\n<p style=\"text-align: center; font-size: 12px; line-height: 1.7;\"><a href=\"https:\/\/www.palfinger.com\" target=\"_blank\" rel=\"noopener\"><img loading=\"lazy\" decoding=\"async\" class=\"alignnone size-full wp-image-1533\" src=\"https:\/\/www.truckxxgroup.de\/truck-center-halberstadt\/wp-content\/uploads\/sites\/11\/2020\/11\/palfinger-partner-hameln.png\" alt=\"\" width=\"150\" height=\"85\" \/><\/a><br \/>\nAls Palfinger Partner, sind wir Ansprechpartner f\u00fcr Kranaufbauten sowie Wartung &amp; Service.<\/p>\n<p>[\/vc_column_text][\/vc_column][vc_column width=&#8221;1\/4&#8243;][vc_column_text css=&#8221;.vc_custom_1636975646556{border-top-width: 1px !important;border-right-width: 1px !important;border-bottom-width: 1px !important;border-left-width: 1px !important;padding-top: 5px !important;padding-right: 5px !important;padding-bottom: 5px !important;padding-left: 5px !important;border-left-color: #f2f2f2 !important;border-left-style: solid !important;border-right-color: #f2f2f2 !important;border-right-style: solid !important;border-top-color: #f2f2f2 !important;border-top-style: solid !important;border-bottom-color: #f2f2f2 !important;border-bottom-style: solid !important;}&#8221;]<\/p>\n<p style=\"text-align: center; font-size: 12px; line-height: 1.7;\"><img loading=\"lazy\" decoding=\"async\" class=\"alignnone size-full wp-image-2649\" src=\"https:\/\/www.truckxxgroup.de\/truck-center-halberstadt\/wp-content\/uploads\/sites\/11\/2021\/11\/multicar-vertragspartner-halberstadt.png\" alt=\"\" width=\"150\" height=\"85\" \/><br \/>\nMulticar Vertragspartner f\u00fcr Service &amp; Reparatur.<\/p>\n<p>[\/vc_column_text][\/vc_column][vc_column width=&#8221;1\/4&#8243;][\/vc_column][\/vc_row][vc_row][vc_column][vc_separator][\/vc_column][\/vc_row][vc_row][vc_column][vc_column_text]<\/p>\n<p style=\"text-align: center;\"><strong>Truck Center Halberstadt GmbH<\/strong><br \/>\nEin Unternehmen der<br \/>\n<a href=\"https:\/\/www.truckxxgroup.de\" target=\"_blank\" rel=\"noopener\"><img loading=\"lazy\" decoding=\"async\" class=\"alignnone size-full wp-image-550\" src=\"https:\/\/www.truckxxgroup.de\/truck-center-halberstadt\/wp-content\/uploads\/sites\/11\/2015\/07\/truckxxgroup_logo_4c.png\" alt=\"Truckxxgroup - wir leben Service.\" width=\"270\" height=\"65\" \/><\/a><\/p>\n<p>[\/vc_column_text][\/vc_column][\/vc_row][vc_row][vc_column][vc_separator][vc_column_text]<\/p>\n<p style=\"text-align: center;\">Ma\u00dfnahme zur Energieeinsparung und Energieeffizienz und Verringerung des CO2-Aussto\u00dfes gef\u00f6rdert durch:<\/p>\n<p style=\"text-align: center;\"><img loading=\"lazy\" decoding=\"async\" class=\"aligncenter size-full wp-image-751\" src=\"https:\/\/www.truckxxgroup.de\/truck-center-halberstadt\/wp-content\/uploads\/sites\/11\/2019\/10\/foerderung.png\" alt=\"\" width=\"360\" height=\"62\" srcset=\"https:\/\/www.truckxxgroup.de\/truck-center-halberstadt\/wp-content\/uploads\/sites\/11\/2019\/10\/foerderung.png 360w, https:\/\/www.truckxxgroup.de\/truck-center-halberstadt\/wp-content\/uploads\/sites\/11\/2019\/10\/foerderung-300x52.png 300w\" sizes=\"auto, (max-width: 360px) 100vw, 360px\" \/><br \/>\n<a href=\"https:\/\/www.truckxxgroup.de\/blog\/projekt-energieeinsparung-beim-truck-center-halberstadt\/\">N\u00e4heres dazu lesen Sie hier<\/a>.<\/p>\n<p>[\/vc_column_text][\/vc_column][\/vc_row]<\/p>\n<\/div>","protected":false},"excerpt":{"rendered":"<p>[vc_row][vc_column][vc_empty_space][\/vc_column][\/vc_row][vc_row][vc_column][vc_column_text] Truck Center Halberstadt GmbH Die Nutzfahrzeugspezialisten aus Sachsen-Anhalt. [\/vc_column_text][\/vc_column][\/vc_row][vc_row][vc_column width=&#8221;1\/3&#8243;][vc_single_image image=&#8221;540&#8243; img_size=&#8221;full&#8221; style=&#8221;vc_box_shadow_3d&#8221;][\/vc_column][vc_column width=&#8221;2\/3&#8243;][vc_column_text]Ihr Nutzfahrzeug in guten H\u00e4nden. Die MAN-Vertragswerkstatt Truck Center Halberstadt GmbH bietet die Wartung, Reparatur und Instandsetzung f\u00fcr Nutzfahrzeuge, Omnibusse, Wohnmobile, Transporter und Anh\u00e4nger sowie deren Aufbauten und Anbauten aller g\u00e4ngigen Fabrikate. Die modernen Diagnosesysteme unterst\u00fctzen unser hoch motiviertes Fachpersonal bei&hellip;<\/p>\n","protected":false},"author":2,"featured_media":0,"parent":0,"menu_order":0,"comment_status":"closed","ping_status":"open","template":"","meta":{"footnotes":""},"class_list":["post-4","page","type-page","status-publish","hentry","description-off"],"_links":{"self":[{"href":"https:\/\/www.truckxxgroup.de\/truck-center-halberstadt\/wp-json\/wp\/v2\/pages\/4","targetHints":{"allow":["GET"]}}],"collection":[{"href":"https:\/\/www.truckxxgroup.de\/truck-center-halberstadt\/wp-json\/wp\/v2\/pages"}],"about":[{"href":"https:\/\/www.truckxxgroup.de\/truck-center-halberstadt\/wp-json\/wp\/v2\/types\/page"}],"author":[{"embeddable":true,"href":"https:\/\/www.truckxxgroup.de\/truck-center-halberstadt\/wp-json\/wp\/v2\/users\/2"}],"replies":[{"embeddable":true,"href":"https:\/\/www.truckxxgroup.de\/truck-center-halberstadt\/wp-json\/wp\/v2\/comments?post=4"}],"version-history":[{"count":82,"href":"https:\/\/www.truckxxgroup.de\/truck-center-halberstadt\/wp-json\/wp\/v2\/pages\/4\/revisions"}],"predecessor-version":[{"id":5570,"href":"https:\/\/www.truckxxgroup.de\/truck-center-halberstadt\/wp-json\/wp\/v2\/pages\/4\/revisions\/5570"}],"wp:attachment":[{"href":"https:\/\/www.truckxxgroup.de\/truck-center-halberstadt\/wp-json\/wp\/v2\/media?parent=4"}],"curies":[{"name":"wp","href":"https:\/\/api.w.org\/{rel}","templated":true}]}}