{"id":25,"date":"2015-07-14T09:28:09","date_gmt":"2015-07-14T07:28:09","guid":{"rendered":"http:\/\/www.truckxgroup.detestwww\/transportkuehlung-hannover\/?page_id=25"},"modified":"2023-10-19T13:27:50","modified_gmt":"2023-10-19T11:27:50","slug":"ueber-uns","status":"publish","type":"page","link":"https:\/\/www.truckxxgroup.de\/transportkuehlung-hannover\/ueber-uns\/","title":{"rendered":"\u00dcber uns"},"content":{"rendered":"<div class=\"wpb-content-wrapper\"><p>[vc_row][vc_column width=&#8221;2\/3&#8243;][vc_column_text]<\/p>\n<h3>Ihr Ansprechpartner rund um K\u00fchlmaschinen.<\/h3>\n<p>Wir sind die Eisb\u00e4ren. Wir bieten Ihnen Beratung, Planung sowie Um- und Einbau von K\u00fchlaggregaten, ganz nach Ihren kundenspezifischen Anforderungen.<\/p>\n<p>Als Teil der Truckxxgroup sind wir f\u00fcr viele Betriebe der kompetente Ansprechpartner wenn es um K\u00fchlmaschinen geht und nat\u00fcrlich auch f\u00fcr unsere Kunden.<\/p>\n<p>Wir f\u00fchren Einbau, Reparatur und Wartung in unsere Zentrale in Langenhagen durch, bieten dazu aber auch einen mobilen Service, der Ihre K\u00fchlmaschinen jederzeit wieder flott macht.[\/vc_column_text][\/vc_column][vc_column width=&#8221;1\/3&#8243;][\/vc_column][\/vc_row][vc_row][vc_column][vc_separator][\/vc_column][\/vc_row][vc_row][vc_column width=&#8221;1\/2&#8243;][vc_single_image image=&#8221;506&#8243; img_size=&#8221;full&#8221; alignment=&#8221;center&#8221; style=&#8221;vc_box_shadow&#8221;][\/vc_column][vc_column width=&#8221;1\/2&#8243;][vc_single_image image=&#8221;508&#8243; img_size=&#8221;full&#8221; alignment=&#8221;center&#8221; style=&#8221;vc_box_shadow&#8221;][\/vc_column][\/vc_row][vc_row][vc_column width=&#8221;1\/2&#8243;][vc_single_image image=&#8221;511&#8243; img_size=&#8221;full&#8221; alignment=&#8221;center&#8221; style=&#8221;vc_box_shadow&#8221;][\/vc_column][vc_column width=&#8221;1\/2&#8243;][vc_single_image image=&#8221;512&#8243; img_size=&#8221;full&#8221; alignment=&#8221;center&#8221; style=&#8221;vc_box_shadow&#8221;][\/vc_column][\/vc_row]<\/p>\n<\/div>","protected":false},"excerpt":{"rendered":"<p>[vc_row][vc_column width=&#8221;2\/3&#8243;][vc_column_text] Ihr Ansprechpartner rund um K\u00fchlmaschinen. Wir sind die Eisb\u00e4ren. Wir bieten Ihnen Beratung, Planung sowie Um- und Einbau von K\u00fchlaggregaten, ganz nach Ihren kundenspezifischen Anforderungen. Als Teil der Truckxxgroup sind wir f\u00fcr viele Betriebe der kompetente Ansprechpartner wenn es um K\u00fchlmaschinen geht und nat\u00fcrlich auch f\u00fcr unsere Kunden. Wir f\u00fchren Einbau, Reparatur und&hellip;<\/p>\n","protected":false},"author":2,"featured_media":0,"parent":0,"menu_order":0,"comment_status":"closed","ping_status":"open","template":"","meta":{"footnotes":""},"class_list":["post-25","page","type-page","status-publish","hentry","description-off"],"_links":{"self":[{"href":"https:\/\/www.truckxxgroup.de\/transportkuehlung-hannover\/wp-json\/wp\/v2\/pages\/25","targetHints":{"allow":["GET"]}}],"collection":[{"href":"https:\/\/www.truckxxgroup.de\/transportkuehlung-hannover\/wp-json\/wp\/v2\/pages"}],"about":[{"href":"https:\/\/www.truckxxgroup.de\/transportkuehlung-hannover\/wp-json\/wp\/v2\/types\/page"}],"author":[{"embeddable":true,"href":"https:\/\/www.truckxxgroup.de\/transportkuehlung-hannover\/wp-json\/wp\/v2\/users\/2"}],"replies":[{"embeddable":true,"href":"https:\/\/www.truckxxgroup.de\/transportkuehlung-hannover\/wp-json\/wp\/v2\/comments?post=25"}],"version-history":[{"count":22,"href":"https:\/\/www.truckxxgroup.de\/transportkuehlung-hannover\/wp-json\/wp\/v2\/pages\/25\/revisions"}],"predecessor-version":[{"id":588,"href":"https:\/\/www.truckxxgroup.de\/transportkuehlung-hannover\/wp-json\/wp\/v2\/pages\/25\/revisions\/588"}],"wp:attachment":[{"href":"https:\/\/www.truckxxgroup.de\/transportkuehlung-hannover\/wp-json\/wp\/v2\/media?parent=25"}],"curies":[{"name":"wp","href":"https:\/\/api.w.org\/{rel}","templated":true}]}}