{"id":41,"date":"2015-07-14T09:58:39","date_gmt":"2015-07-14T07:58:39","guid":{"rendered":"http:\/\/www.truckxgroup.detestwww\/gabelstapler-service-hameln\/?page_id=41"},"modified":"2023-10-19T10:48:37","modified_gmt":"2023-10-19T08:48:37","slug":"leistungen","status":"publish","type":"page","link":"https:\/\/www.truckxxgroup.de\/gabelstapler-service-hameln\/leistungen\/","title":{"rendered":"Leistungen"},"content":{"rendered":"<div class=\"wpb-content-wrapper\"><p>[vc_row][vc_column width=&#8221;1\/2&#8243;][vc_column_text]<\/p>\n<h3>Unser Leistungsspektrum:<\/h3>\n<p>Wir bieten umfassenden Service f\u00fcr fast alle Fabrikate. Sowie Full-Service-Angebote im Bereich An- und Verkauf, Neu- und Gebrauchtger\u00e4te, Vermietung, Ersatzteilbeschaffung, UVV-Pr\u00fcfungen, Abgastest, Finanzierung, Leasing, Mietkauf, R\u00fcckkauf und Inzahlungnahme.<\/p>\n<blockquote><p>Sie sehen: Bei uns bekommen Sie endlich alles aus einer Hand!<\/p><\/blockquote>\n<p><img loading=\"lazy\" decoding=\"async\" class=\"alignnone size-full wp-image-133\" src=\"https:\/\/www.truckxxgroup.detestwww\/gabelstapler-service-hameln\/wp-content\/uploads\/sites\/3\/2015\/07\/foto_gabelstaplerservicehamelnZentrale.jpg\" alt=\"Gabelstapler Service Hameln zentrale\" width=\"400\" height=\"200\" srcset=\"https:\/\/www.truckxxgroup.de\/gabelstapler-service-hameln\/wp-content\/uploads\/sites\/3\/2015\/07\/foto_gabelstaplerservicehamelnZentrale.jpg 400w, https:\/\/www.truckxxgroup.de\/gabelstapler-service-hameln\/wp-content\/uploads\/sites\/3\/2015\/07\/foto_gabelstaplerservicehamelnZentrale-300x150.jpg 300w\" sizes=\"auto, (max-width: 400px) 100vw, 400px\" \/>[\/vc_column_text][\/vc_column][vc_column width=&#8221;1\/2&#8243;][vc_column_text]<\/p>\n<h3>Know-How von dem Sie profitieren:<\/h3>\n<p>Unser Team besteht aus ausgebildeten Service-Technikern, die st\u00e4ndig geschult werden um den wachsenden Anforderungen der Technik und unseren Kunden gerecht zu werden.<\/p>\n<p>Die Service-Techniker im Au\u00dfendienst haben einen mit modernen Werkzeugen und Messger\u00e4ten ausger\u00fcsteten Service-Wagen und einen Grossteil an Verschlei\u00df- und Ersatzteilen im Fahrzeug. Au\u00dferdem sind unsere Service-Techniker auch mobil erreichbar, damit wir Ihnen in dringenden F\u00e4llen schnell helfen k\u00f6nnen.<\/p>\n<p>Im Notfall k\u00f6nnen Sie unseren <strong>24h Notdienst f\u00fcr Gabelstapler<\/strong> in Anspruch nehmen.<\/p>\n<p>Wir f\u00fchren Servicearbeiten an allen Stapler Fabrikaten durch.<\/p>\n<p>Fragen Sie nach unseren g\u00fcnstigen Konditionen, wir unterbreiten Ihnen gern ein Angebot \u00fcber unsere Dienstleistungen.[\/vc_column_text][\/vc_column][\/vc_row][vc_row][vc_column][vc_separator][\/vc_column][\/vc_row][vc_row][vc_column width=&#8221;1\/4&#8243;][vc_column_text]<\/p>\n<h3>\u00d6ffnungszeiten<\/h3>\n<p><strong>B\u00fcro<\/strong><br \/>\nMontag &#8211; Freitag 8:00 &#8211; 16:45 Uhr<\/p>\n<p><strong>Servicewerkstatt<\/strong><br \/>\nMontag &#8211; Freitag 7:30 &#8211; 16:30 Uhr<br \/>\nSamstag 7:00 &#8211; 11:00 Uhr<br \/>\n(nach Absprache flexibel)[\/vc_column_text][vc_column_text]<\/p>\n<ul>\n<li>Neumaschinen<\/li>\n<li>Gebrauchtmaschinen<\/li>\n<li>Service &amp; Wartung Ihrer Gabelstapler<\/li>\n<li>UVV Pr\u00fcfungen an Gabelstaplern<\/li>\n<\/ul>\n<p>[\/vc_column_text][\/vc_column][vc_column width=&#8221;1\/4&#8243;][featured_panel title=&#8221;Verkauf&#8221;]Wir sind Manitou H\u00e4ndler.[\/featured_panel][featured_panel title=&#8221;24h Notdienst&#8221;]Hotline: Tag und Nacht &#8211; 365 Tage im Jahr:<br \/>\n+49 (0)5151 5734-88<br \/>\n<a href=\"https:\/\/www.truckxxgroup.detestwww\/gabelstapler-service-hameln\/24h-stunden-service\/\">(MEHR ERFAHREN)<\/a>[\/featured_panel][\/vc_column][vc_column width=&#8221;1\/4&#8243;][featured_panel title=&#8221;Vermietung&#8221;]Gabelstapler ben\u00f6tigt? Einfach bei uns mieten: Miethotline<br \/>\n+49 (0)5151 5734-88[\/featured_panel][featured_panel title=&#8221;Leasing&#8221;]Sie ben\u00f6tigen einen zuverl\u00e4ssigen Stapler auf Zeit? Wir bieten Ihnen Leasing M\u00f6glichkeiten f\u00fcr Gabelstapler an.[\/featured_panel][\/vc_column][vc_column width=&#8221;1\/4&#8243;][featured_panel title=&#8221;Schulungen&#8221;]Fahrerschulung f\u00fcr Stapler:<br \/>\n<a href=\"https:\/\/www.truckxxgroup.detestwww\/gabelstapler-service-hameln\/gabelstapler-fahrerschulung\/\">(Gabelstapler)<\/a><br \/>\n<a href=\"https:\/\/www.truckxxgroup.de\/gabelstapler-service-hameln\/teleskopstapler-schulung\/\">(Teleskoplader)<\/a>[\/featured_panel][featured_panel title=&#8221;Mietkauf&#8221;]Wir bieten Ihnen auch den Mietkauf Ihres neuen Staplers an. Nach Vertragsablauf geh\u00f6rt der Stapler Ihnen![\/featured_panel][\/vc_column][\/vc_row][vc_row el_class=&#8221;fullwidth_element margin-top-30 padding-bottom-40 margin-bottom-none&#8221;][vc_column][vc_column_text]<\/p>\n<p style=\"text-align: center;\">Gabelstapler Service Hameln GmbH, Otto- K\u00f6rting- Str. 4, 31789 Hameln<\/p>\n<p>[\/vc_column_text][\/vc_column][\/vc_row]<\/p>\n<\/div>","protected":false},"excerpt":{"rendered":"<p>[vc_row][vc_column width=&#8221;1\/2&#8243;][vc_column_text] Unser Leistungsspektrum: Wir bieten umfassenden Service f\u00fcr fast alle Fabrikate. Sowie Full-Service-Angebote im Bereich An- und Verkauf, Neu- und Gebrauchtger\u00e4te, Vermietung, Ersatzteilbeschaffung, UVV-Pr\u00fcfungen, Abgastest, Finanzierung, Leasing, Mietkauf, R\u00fcckkauf und Inzahlungnahme. Sie sehen: Bei uns bekommen Sie endlich alles aus einer Hand! [\/vc_column_text][\/vc_column][vc_column width=&#8221;1\/2&#8243;][vc_column_text] Know-How von dem Sie profitieren: Unser Team besteht aus ausgebildeten&hellip;<\/p>\n","protected":false},"author":2,"featured_media":0,"parent":0,"menu_order":0,"comment_status":"closed","ping_status":"open","template":"","meta":{"footnotes":""},"class_list":["post-41","page","type-page","status-publish","hentry","description-off"],"_links":{"self":[{"href":"https:\/\/www.truckxxgroup.de\/gabelstapler-service-hameln\/wp-json\/wp\/v2\/pages\/41","targetHints":{"allow":["GET"]}}],"collection":[{"href":"https:\/\/www.truckxxgroup.de\/gabelstapler-service-hameln\/wp-json\/wp\/v2\/pages"}],"about":[{"href":"https:\/\/www.truckxxgroup.de\/gabelstapler-service-hameln\/wp-json\/wp\/v2\/types\/page"}],"author":[{"embeddable":true,"href":"https:\/\/www.truckxxgroup.de\/gabelstapler-service-hameln\/wp-json\/wp\/v2\/users\/2"}],"replies":[{"embeddable":true,"href":"https:\/\/www.truckxxgroup.de\/gabelstapler-service-hameln\/wp-json\/wp\/v2\/comments?post=41"}],"version-history":[{"count":44,"href":"https:\/\/www.truckxxgroup.de\/gabelstapler-service-hameln\/wp-json\/wp\/v2\/pages\/41\/revisions"}],"predecessor-version":[{"id":14253,"href":"https:\/\/www.truckxxgroup.de\/gabelstapler-service-hameln\/wp-json\/wp\/v2\/pages\/41\/revisions\/14253"}],"wp:attachment":[{"href":"https:\/\/www.truckxxgroup.de\/gabelstapler-service-hameln\/wp-json\/wp\/v2\/media?parent=41"}],"curies":[{"name":"wp","href":"https:\/\/api.w.org\/{rel}","templated":true}]}}