{"id":291,"date":"2015-07-30T11:45:00","date_gmt":"2015-07-30T09:45:00","guid":{"rendered":"http:\/\/www.truckxgroup.detestwww\/gabelstapler-service-hameln\/?page_id=291"},"modified":"2023-10-19T10:56:30","modified_gmt":"2023-10-19T08:56:30","slug":"gebrauchte-stapler","status":"publish","type":"page","link":"https:\/\/www.truckxxgroup.de\/gabelstapler-service-hameln\/gebrauchte-stapler\/","title":{"rendered":"Gebrauchte Stapler"},"content":{"rendered":"<div class=\"wpb-content-wrapper\"><p>[vc_row][vc_column][vc_column_text]<\/p>\n<h3>Gebrauchte Gabelstapler \/ Flurf\u00f6rderfahrzeuge<\/h3>\n<p>Wir bieten Ihnen auch gebrauchte Stapler aller Marken an. Je nach Verf\u00fcgbarkeit haben wir einige gebrauchte Stapler in Hameln vor Ort. Wenn Sie sich f\u00fcr einen Gebrauchten entscheiden, erhalten Sie bei uns eine aufbereitete Maschine, die noch viele Jahre der Nutzung vor sich hat.<\/p>\n<p>Denn beim Staplerkauf gilt auch eins: Vertrauen ist gut, Kontrolle ist besser und so kontrollieren wir alle eingehenden Gebrauchtstapler auf ihre Funktionen und Verschleissteile. So k\u00f6nnen Sie sicher sein, das zu bekommen, was Sie erwarten.[\/vc_column_text][vc_separator][\/vc_column][\/vc_row][vc_row][vc_column][vc_row_inner][vc_column_inner][vc_column_text css_animation=&#8221;left-to-right&#8221;]<\/p>\n<h3>Unsere Angebote<\/h3>\n<p>[\/vc_column_text][\/vc_column_inner][\/vc_row_inner][\/vc_column][\/vc_row][vc_row][vc_column][vc_column_text]<iframe loading=\"lazy\" src=\"https:\/\/www.forklift-international.com\/extern\/?user=Betrieb\" width=\"1100\" height=\"1000\" frameborder=\"0\"><\/iframe>[\/vc_column_text][\/vc_column][\/vc_row]<\/p>\n<\/div>","protected":false},"excerpt":{"rendered":"<p>[vc_row][vc_column][vc_column_text] Gebrauchte Gabelstapler \/ Flurf\u00f6rderfahrzeuge Wir bieten Ihnen auch gebrauchte Stapler aller Marken an. Je nach Verf\u00fcgbarkeit haben wir einige gebrauchte Stapler in Hameln vor Ort. Wenn Sie sich f\u00fcr einen Gebrauchten entscheiden, erhalten Sie bei uns eine aufbereitete Maschine, die noch viele Jahre der Nutzung vor sich hat. Denn beim Staplerkauf gilt auch eins:&hellip;<\/p>\n","protected":false},"author":2,"featured_media":0,"parent":0,"menu_order":0,"comment_status":"closed","ping_status":"open","template":"","meta":{"footnotes":""},"class_list":["post-291","page","type-page","status-publish","hentry","description-off"],"_links":{"self":[{"href":"https:\/\/www.truckxxgroup.de\/gabelstapler-service-hameln\/wp-json\/wp\/v2\/pages\/291","targetHints":{"allow":["GET"]}}],"collection":[{"href":"https:\/\/www.truckxxgroup.de\/gabelstapler-service-hameln\/wp-json\/wp\/v2\/pages"}],"about":[{"href":"https:\/\/www.truckxxgroup.de\/gabelstapler-service-hameln\/wp-json\/wp\/v2\/types\/page"}],"author":[{"embeddable":true,"href":"https:\/\/www.truckxxgroup.de\/gabelstapler-service-hameln\/wp-json\/wp\/v2\/users\/2"}],"replies":[{"embeddable":true,"href":"https:\/\/www.truckxxgroup.de\/gabelstapler-service-hameln\/wp-json\/wp\/v2\/comments?post=291"}],"version-history":[{"count":90,"href":"https:\/\/www.truckxxgroup.de\/gabelstapler-service-hameln\/wp-json\/wp\/v2\/pages\/291\/revisions"}],"predecessor-version":[{"id":1265,"href":"https:\/\/www.truckxxgroup.de\/gabelstapler-service-hameln\/wp-json\/wp\/v2\/pages\/291\/revisions\/1265"}],"wp:attachment":[{"href":"https:\/\/www.truckxxgroup.de\/gabelstapler-service-hameln\/wp-json\/wp\/v2\/media?parent=291"}],"curies":[{"name":"wp","href":"https:\/\/api.w.org\/{rel}","templated":true}]}}