{"id":23309,"date":"2025-07-04T11:25:49","date_gmt":"2025-07-04T09:25:49","guid":{"rendered":"https:\/\/www.truckxxgroup.de\/gabelstapler-service-hameln\/?page_id=23309"},"modified":"2025-07-04T11:54:25","modified_gmt":"2025-07-04T09:54:25","slug":"manitou-seilwinden","status":"publish","type":"page","link":"https:\/\/www.truckxxgroup.de\/gabelstapler-service-hameln\/manitou-anbaugeraete\/manitou-seilwinden\/","title":{"rendered":"Manitou Seilwinden"},"content":{"rendered":"<div class=\"wpb-content-wrapper\"><p>[vc_row][vc_column][vc_single_image image=&#8221;21205&#8243; img_size=&#8221;450&#215;116&#8243; alignment=&#8221;center&#8221; css=&#8221;&#8221;][vc_column_text css=&#8221;&#8221;]<\/p>\n<h1 style=\"text-align: center;\">Anbauger\u00e4te: Seilwinden f\u00fcr Manitou.<\/h1>\n<p style=\"text-align: center;\">Die Seilwinden von Manitou sind <strong>leistungsstarke Anbauger\u00e4te zum sicheren Heben, Ziehen und Positionieren schwerer Lasten<\/strong> \u2013 ideal f\u00fcr Bau, Industrie und Forstwirtschaft. Dank ihrer robusten Konstruktion, hohen Zugkraft und einfachen Bedienung erweitern sie die Einsatzm\u00f6glichkeiten von Teleskopladern und erm\u00f6glichen pr\u00e4zises Arbeiten auf engstem Raum. Manitou Seilwinden \u00fcberzeugen durch Zuverl\u00e4ssigkeit, Sicherheit und maximale Effizienz im t\u00e4glichen Einsatz.<\/p>\n<p>[\/vc_column_text][\/vc_column][\/vc_row][vc_row][vc_column][vc_empty_space height=&#8221;50px&#8221;][\/vc_column][\/vc_row][vc_row][vc_column width=&#8221;2\/3&#8243;][vc_column_text css=&#8221;&#8221;]<\/p>\n<h3>Manitou Hydraulische Schwerlast-Seilwinde (Anbauger\u00e4t)<\/h3>\n<p>Hydraulischer Motor+ Ende des Kabels automatischer Bewegungsstopp. \u00d6lgetr\u00e4nkte Negativbremse. Doppelter oder vierfacher Seilzug (je nach Typ). Homologierter, drehbarer, selbstsichernder Haken. Winkelst\u00e4nder mit H\u00fclsen f\u00fcr das Gabelhandling. Hinweis: Die unten angegebenen Ma\u00dfe gelten f\u00fcr die Winde auf dem St\u00e4nder.<\/p>\n<p>&nbsp;<\/p>\n<ul>\n<li>Tragf\u00e4higkeit: von 9.000 kg bis 25.000 kg<\/li>\n<li>Maximale seitliche Reichweite: von 532 mm bis 722 mm<\/li>\n<li>Kabell\u00e4nge: von 30.000 mm bis 60.000 mm<\/li>\n<li>Haken Geschwindigkeit: von 12 m\/mn bis 22.50 m\/mn<\/li>\n<\/ul>\n<p>&nbsp;<\/p>\n<p><a href=\"https:\/\/www.truckxxgroup.de\/gabelstapler-service-hameln\/wp-content\/uploads\/sites\/3\/2025\/07\/Manitou-Hydraulische-Schwerlast-Seilwinde-Datenbl.pdf\" target=\"_blank\" rel=\"noopener\">Datenblatt hier herunterladen<\/a>[\/vc_column_text][\/vc_column][vc_column width=&#8221;1\/3&#8243;][vc_single_image image=&#8221;23319&#8243; img_size=&#8221;medium&#8221; alignment=&#8221;center&#8221; css=&#8221;&#8221;][\/vc_column][\/vc_row][vc_row][vc_column][vc_empty_space height=&#8221;20px&#8221;][vc_separator border_width=&#8221;2&#8243; css=&#8221;&#8221;][vc_empty_space height=&#8221;20px&#8221;][\/vc_column][\/vc_row][vc_row][vc_column width=&#8221;2\/3&#8243;][vc_column_text css=&#8221;&#8221;]<\/p>\n<h3>Manitou Hydraulische Seilwinde (Anbauger\u00e4t)<\/h3>\n<p>Hydraulischer Motor + automatischer Bewegungsstopp am Seilende. \u00d6lgetr\u00e4nkte Negativbremse. Doppelter oder vierfacher Seilzug (je nach Typ). Homologierter, drehbarer, selbstsichernder Haken. Windenst\u00e4nder mit H\u00fclsen f\u00fcr die Handhabung der Gabel. Hinweis: Die unten angegebenen Abmessungen gelten f\u00fcr die Winde auf dem St\u00e4nder.<\/p>\n<p>&nbsp;<\/p>\n<ul>\n<li>Tragf\u00e4higkeit: von 3.000 kg bis 7.200 kg<\/li>\n<li>Maximale seitliche Reichweite: von 238 mm bis 689 mm<\/li>\n<li>Kabell\u00e4nge: von 49 mm bis 76.000 mm<\/li>\n<li>Haken Geschwindigkeit: von 14 m\/mn bis 35 m\/mn<\/li>\n<\/ul>\n<p>&nbsp;<\/p>\n<p><a href=\"https:\/\/www.truckxxgroup.de\/gabelstapler-service-hameln\/wp-content\/uploads\/sites\/3\/2025\/07\/Manitou-Hydraulische-Seilwinde-Datenbl.pdf\" target=\"_blank\" rel=\"noopener\">Datenblatt hier herunterladen<\/a>[\/vc_column_text][\/vc_column][vc_column width=&#8221;1\/3&#8243;][vc_single_image image=&#8221;23323&#8243; img_size=&#8221;full&#8221; alignment=&#8221;center&#8221; css=&#8221;&#8221;][\/vc_column][\/vc_row][vc_row][vc_column][vc_empty_space height=&#8221;20px&#8221;][vc_separator border_width=&#8221;2&#8243; css=&#8221;&#8221;][vc_empty_space height=&#8221;20px&#8221;][\/vc_column][\/vc_row][vc_row][vc_column width=&#8221;2\/3&#8243;][vc_column_text css=&#8221;&#8221;]<\/p>\n<h3>Manitou Variowinde (Anbauger\u00e4t)<\/h3>\n<p>Hydraulischer Motor + automatischer Bewegungsstopp am Kabelende. \u00d6lgetr\u00e4nkte Negativbremse. Patentiertes variables Geschwindigkeitskonzept. Autonome, 100%ige hydraulische Geschwindigkeitsanpassung an die Last. Homologierter, schwenkbarer, selbstsichernder Haken. Windenst\u00e4nder mit H\u00fclsen f\u00fcr das Hofhandling. Hinweis: Die unten angegebenen Ma\u00dfe gelten f\u00fcr die Winde auf dem St\u00e4nder; Arbeitsgewicht: 700 kg \/ 1544 lb. MRT Vision+: Deutliche Erh\u00f6hung der Hakengeschwindigkeit durch verbesserte Zusammenarbeit zwischen Maschine und Anbauger\u00e4t.<br \/>\nBegrenzte Kapazit\u00e4t f\u00fcr MRT 3050.<\/p>\n<p>&nbsp;<\/p>\n<ul>\n<li>Tragf\u00e4higkeit: 7.200 kg<\/li>\n<li>Maximale seitliche Reichweite: 238 mm<\/li>\n<li>Kabell\u00e4nge: 76.000 mm<\/li>\n<li>Haken Geschwindigkeit: 60.60 m\/mn<\/li>\n<\/ul>\n<p>&nbsp;<\/p>\n<p><a href=\"https:\/\/www.truckxxgroup.de\/gabelstapler-service-hameln\/wp-content\/uploads\/sites\/3\/2025\/07\/Manitou-Variowinde-Datenbl.pdf\" target=\"_blank\" rel=\"noopener\">Datenblatt hier herunterladen<\/a>[\/vc_column_text][\/vc_column][vc_column width=&#8221;1\/3&#8243;][vc_single_image image=&#8221;23329&#8243; img_size=&#8221;medium&#8221; alignment=&#8221;center&#8221; css=&#8221;&#8221;][\/vc_column][\/vc_row][vc_row][vc_column][vc_empty_space height=&#8221;20px&#8221;][vc_separator border_width=&#8221;2&#8243; css=&#8221;&#8221;][vc_empty_space height=&#8221;20px&#8221;][\/vc_column][\/vc_row]<\/p>\n<\/div>","protected":false},"excerpt":{"rendered":"<p>[vc_row][vc_column][vc_single_image image=&#8221;21205&#8243; img_size=&#8221;450&#215;116&#8243; alignment=&#8221;center&#8221; css=&#8221;&#8221;][vc_column_text css=&#8221;&#8221;] Anbauger\u00e4te: Seilwinden f\u00fcr Manitou. Die Seilwinden von Manitou sind leistungsstarke Anbauger\u00e4te zum sicheren Heben, Ziehen und Positionieren schwerer Lasten \u2013 ideal f\u00fcr Bau, Industrie und Forstwirtschaft. Dank ihrer robusten Konstruktion, hohen Zugkraft und einfachen Bedienung erweitern sie die Einsatzm\u00f6glichkeiten von Teleskopladern und erm\u00f6glichen pr\u00e4zises Arbeiten auf engstem Raum. Manitou&hellip;<\/p>\n","protected":false},"author":2,"featured_media":0,"parent":22519,"menu_order":0,"comment_status":"closed","ping_status":"closed","template":"","meta":{"footnotes":""},"class_list":["post-23309","page","type-page","status-publish","hentry","description-off"],"_links":{"self":[{"href":"https:\/\/www.truckxxgroup.de\/gabelstapler-service-hameln\/wp-json\/wp\/v2\/pages\/23309","targetHints":{"allow":["GET"]}}],"collection":[{"href":"https:\/\/www.truckxxgroup.de\/gabelstapler-service-hameln\/wp-json\/wp\/v2\/pages"}],"about":[{"href":"https:\/\/www.truckxxgroup.de\/gabelstapler-service-hameln\/wp-json\/wp\/v2\/types\/page"}],"author":[{"embeddable":true,"href":"https:\/\/www.truckxxgroup.de\/gabelstapler-service-hameln\/wp-json\/wp\/v2\/users\/2"}],"replies":[{"embeddable":true,"href":"https:\/\/www.truckxxgroup.de\/gabelstapler-service-hameln\/wp-json\/wp\/v2\/comments?post=23309"}],"version-history":[{"count":9,"href":"https:\/\/www.truckxxgroup.de\/gabelstapler-service-hameln\/wp-json\/wp\/v2\/pages\/23309\/revisions"}],"predecessor-version":[{"id":23331,"href":"https:\/\/www.truckxxgroup.de\/gabelstapler-service-hameln\/wp-json\/wp\/v2\/pages\/23309\/revisions\/23331"}],"up":[{"embeddable":true,"href":"https:\/\/www.truckxxgroup.de\/gabelstapler-service-hameln\/wp-json\/wp\/v2\/pages\/22519"}],"wp:attachment":[{"href":"https:\/\/www.truckxxgroup.de\/gabelstapler-service-hameln\/wp-json\/wp\/v2\/media?parent=23309"}],"curies":[{"name":"wp","href":"https:\/\/api.w.org\/{rel}","templated":true}]}}