{"id":22975,"date":"2025-06-26T15:12:55","date_gmt":"2025-06-26T13:12:55","guid":{"rendered":"https:\/\/www.truckxxgroup.de\/gabelstapler-service-hameln\/?page_id=22975"},"modified":"2025-06-26T15:12:55","modified_gmt":"2025-06-26T13:12:55","slug":"manitou-gabeltraeger","status":"publish","type":"page","link":"https:\/\/www.truckxxgroup.de\/gabelstapler-service-hameln\/manitou-anbaugeraete\/manitou-gabeltraeger\/","title":{"rendered":"Manitou Gabeltr\u00e4ger"},"content":{"rendered":"<div class=\"wpb-content-wrapper\"><p>[vc_row][vc_column][vc_single_image image=&#8221;21205&#8243; img_size=&#8221;450&#215;116&#8243; alignment=&#8221;center&#8221; css=&#8221;&#8221;][vc_column_text css=&#8221;&#8221;]<\/p>\n<h1 style=\"text-align: center;\">Anbauger\u00e4te: Gabeltr\u00e4ger f\u00fcr Manitou.<\/h1>\n<p style=\"text-align: center;\">Die Gabeltr\u00e4ger von Manitou sind robuste <strong>Verbindungselemente zwischen Tr\u00e4gerfahrzeug und Gabelzinken<\/strong>, die f\u00fcr maximale Stabilit\u00e4t und Flexibilit\u00e4t beim Lastenhandling sorgen. Sie erm\u00f6glichen den schnellen Wechsel von Anbauger\u00e4ten und sind in verschiedenen Breiten und Tragf\u00e4higkeiten erh\u00e4ltlich \u2013 ideal f\u00fcr den professionellen Einsatz in Landwirtschaft, Bau und Industrie.<\/p>\n<p>[\/vc_column_text][\/vc_column][\/vc_row][vc_row][vc_column][vc_empty_space height=&#8221;50px&#8221;][\/vc_column][\/vc_row][vc_row][vc_column width=&#8221;2\/3&#8243;][vc_column_text css=&#8221;&#8221;]<\/p>\n<h3>Wagen mit schwimmender R\u00fcckenlehne und Gabeln<br \/>\n(Anbauger\u00e4t f\u00fcr MHT)<\/h3>\n<p>R\u00fcckenlehne laden serienm\u00e4\u00dfig. Gabelnivellierung. Gabellaufsperre m\u00f6glich. Hinweis: Fahrverbotssatz in Italien.<\/p>\n<p>&nbsp;<\/p>\n<ul>\n<li>Tragf\u00e4higkeit: von 9.000 kg bis 25.000 kg<\/li>\n<li>Breite: von 1.585 mm bis 2.530 mm<\/li>\n<li>Gesamth\u00f6he: von 1.000 mm bis 1.624 mm<\/li>\n<\/ul>\n<p>&nbsp;<\/p>\n<p><a href=\"https:\/\/www.truckxxgroup.de\/gabelstapler-service-hameln\/wp-content\/uploads\/sites\/3\/2025\/06\/wagen-schwimmende-rueckenlehne-und-gabeln_MHT_datenblatt.pdf\" target=\"_blank\" rel=\"noopener\">Datenblatt hier herunterladen<\/a>[\/vc_column_text][\/vc_column][vc_column width=&#8221;1\/3&#8243;][vc_single_image image=&#8221;22918&#8243; img_size=&#8221;full&#8221; css=&#8221;&#8221;][\/vc_column][\/vc_row][vc_row][vc_column][vc_empty_space height=&#8221;20px&#8221;][vc_separator border_width=&#8221;2&#8243; css=&#8221;&#8221;][vc_empty_space height=&#8221;20px&#8221;][\/vc_column][\/vc_row][vc_row][vc_column width=&#8221;2\/3&#8243;][vc_column_text css=&#8221;&#8221;]<\/p>\n<h3>Wagen mit schwimmender R\u00fcckenlehne und Gabeln<br \/>\n(Anbauger\u00e4t f\u00fcr MRT)<\/h3>\n<p>R\u00fcckenlehne laden serienm\u00e4\u00dfig. Gabelnivellierung. Gabellaufsperre m\u00f6glich. Hinweis: Fahrverbotssatz in Italien. Hinweis: Das Stra\u00dfenfahrpaket ist in Deutschland f\u00fcr Vision\/Vision+ MRT vorgeschrieben. Kontaktieren Sie Ihren H\u00e4ndler.<\/p>\n<p>&nbsp;<\/p>\n<ul>\n<li>Tragf\u00e4higkeit: von 4.500 kg bis 7.000 kg<\/li>\n<li>Breite: von 1.110 mm bis 1.900 mm<\/li>\n<li>Gesamth\u00f6he: von 1.009 mm bis 1.280 mm<\/li>\n<\/ul>\n<p>&nbsp;<\/p>\n<p><a href=\"https:\/\/www.truckxxgroup.de\/gabelstapler-service-hameln\/wp-content\/uploads\/sites\/3\/2025\/06\/Wagen_schwimmende_rueckenlehne_und_gabeln_mrt_datenblatt.pdf\" target=\"_blank\" rel=\"noopener\">Datenblatt hier herunterladen<\/a>[\/vc_column_text][\/vc_column][vc_column width=&#8221;1\/3&#8243;][vc_single_image image=&#8221;22982&#8243; img_size=&#8221;full&#8221; css=&#8221;&#8221;][\/vc_column][\/vc_row][vc_row][vc_column][vc_empty_space height=&#8221;20px&#8221;][vc_separator border_width=&#8221;2&#8243; css=&#8221;&#8221;][vc_empty_space height=&#8221;20px&#8221;][\/vc_column][\/vc_row][vc_row][vc_column width=&#8221;2\/3&#8243;][vc_column_text css=&#8221;&#8221;]<\/p>\n<h3>Wagen mit schwimmender R\u00fcckenlehne und Gabeln<br \/>\n(Anbauger\u00e4t f\u00fcr MT und MLT)<\/h3>\n<p>R\u00fcckenlehne laden serienm\u00e4\u00dfig. Gabelnivellierung. Gabellaufsperre m\u00f6glich. Hinweis: Fahrverbotssatz in Italien.<\/p>\n<p>&nbsp;<\/p>\n<ul>\n<li>Tragf\u00e4higkeit: von 1.500 kg bis 4.100 kg<\/li>\n<li>Breite: von 1.002 mm bis 1.160 mm<\/li>\n<li>Gewicht: von 175 kg bis 306 kg<\/li>\n<li>Gesamtl\u00e4nge: von 1.359 mm bis 1.514 mm<\/li>\n<\/ul>\n<p>&nbsp;<\/p>\n<p><a href=\"https:\/\/www.truckxxgroup.de\/gabelstapler-service-hameln\/wp-content\/uploads\/sites\/3\/2025\/06\/Wagen_schwimmender_rueckenlehne_u_Gabeln_MT-MLT_datenbl.pdf\" target=\"_blank\" rel=\"noopener\">Datenblatt hier herunterladen<\/a>[\/vc_column_text][\/vc_column][vc_column width=&#8221;1\/3&#8243;][vc_single_image image=&#8221;22985&#8243; img_size=&#8221;full&#8221; css=&#8221;&#8221;][\/vc_column][\/vc_row][vc_row][vc_column][vc_empty_space height=&#8221;20px&#8221;][vc_separator border_width=&#8221;2&#8243; css=&#8221;&#8221;][vc_empty_space height=&#8221;20px&#8221;][\/vc_column][\/vc_row][vc_row][vc_column width=&#8221;2\/3&#8243;][vc_column_text css=&#8221;&#8221;]<\/p>\n<h3>Gabeltraeger mit schwimmenden Gabelzinken und hydraulischem Niveauausgleich<\/h3>\n<p>Schwimmend gelagerte Gabeln mit Zapfen. Maximale Gabelspreizung 1180 mm \/ 46 in (Au\u00dfenkante der Gabeln). Hinweis: Stra\u00dfenverkehrskit in Italien vorgeschrieben. Wenden Sie sich an Ihren H\u00e4ndler. Hinweis: Der Stra\u00dfenverkehrskit ist in Deutschland f\u00fcr MRT Vision\/ Vision+ vorgeschrieben. Wenden Sie sich an Ihren H\u00e4ndler.<\/p>\n<p>&nbsp;<\/p>\n<ul>\n<li>Tragf\u00e4higkeit: 4.900 kg<\/li>\n<li>Breite: 1.311 mm<\/li>\n<li>Gewicht: von 617 kg bis 765 kg<\/li>\n<li>Gesamtl\u00e4nge: von 1.545 mm bis 1.555 mm<\/li>\n<\/ul>\n<p>&nbsp;<\/p>\n<p><a href=\"https:\/\/www.truckxxgroup.de\/gabelstapler-service-hameln\/wp-content\/uploads\/sites\/3\/2025\/06\/Gabeltraeger-mit-schwimmenden-Gabelzinken-und-hydraulischem-Niveauausgleich.pdf\" target=\"_blank\" rel=\"noopener\">Datenblatt hier herunterladen<\/a>[\/vc_column_text][\/vc_column][vc_column width=&#8221;1\/3&#8243;][vc_single_image image=&#8221;22989&#8243; img_size=&#8221;full&#8221; css=&#8221;&#8221;][\/vc_column][\/vc_row][vc_row][vc_column][vc_empty_space height=&#8221;20px&#8221;][vc_separator border_width=&#8221;2&#8243; css=&#8221;&#8221;][vc_empty_space height=&#8221;20px&#8221;][\/vc_column][\/vc_row][vc_row][vc_column width=&#8221;2\/3&#8243;][vc_column_text css=&#8221;&#8221;]<\/p>\n<h3>Gabeltr\u00e4ger mit schwimmenden, seitlich verschiebbaren Gabeln<br \/>\n(Anbauger\u00e4t f\u00fcr MT)<\/h3>\n<p>Hydraulikleitung erforderlich, um die Bewegung der Gabel aus der Kabine zu erm\u00f6glichen. Stiftgabeln. Anschraubbares Lastschutzgitter f\u00fcr eine l\u00e4ngere Lebensdauer.<\/p>\n<p>&nbsp;<\/p>\n<ul>\n<li>Tragf\u00e4higkeit: von 2.900 kg bis 4.500 kg<\/li>\n<li>Breite: von 1.040 mm bis 1.300 mm<\/li>\n<\/ul>\n<p>&nbsp;<\/p>\n<p><a href=\"https:\/\/www.truckxxgroup.de\/gabelstapler-service-hameln\/wp-content\/uploads\/sites\/3\/2025\/06\/Gabeltraeger-mit-schwimmenden-seitlich-verschiebbaren-Gabeln-MT.pdf\" target=\"_blank\" rel=\"noopener\">Datenblatt hier herunterladen<\/a>[\/vc_column_text][\/vc_column][vc_column width=&#8221;1\/3&#8243;][vc_single_image image=&#8221;22992&#8243; img_size=&#8221;full&#8221; css=&#8221;&#8221;][\/vc_column][\/vc_row][vc_row][vc_column][vc_empty_space height=&#8221;20px&#8221;][vc_separator border_width=&#8221;2&#8243; css=&#8221;&#8221;][vc_empty_space height=&#8221;20px&#8221;][\/vc_column][\/vc_row][vc_row][vc_column width=&#8221;2\/3&#8243;][vc_column_text css=&#8221;&#8221;]<\/p>\n<h3>Gabeltr\u00e4ger mit schwimmenden, seitlich verschiebbaren Gabeln<br \/>\n(Anbauger\u00e4t f\u00fcr MRT)<\/h3>\n<p>Hydraulikleitung erforderlich, um die Bewegung der Gabel aus der Kabine zu erm\u00f6glichen. Stiftgabeln. Anschraubbares Lastschutzgitter f\u00fcr eine l\u00e4ngere Lebensdauer.<\/p>\n<p>&nbsp;<\/p>\n<ul>\n<li>Tragf\u00e4higkeit: 5.000 kg<\/li>\n<li>Breite: 1.128 mm<\/li>\n<li>Gewicht: von 532 kg bis 625 kg<\/li>\n<li>Gesamtl\u00e4nge: von 1.662 mm bis 1.672 mm<\/li>\n<\/ul>\n<p>&nbsp;<\/p>\n<p><a href=\"https:\/\/www.truckxxgroup.de\/gabelstapler-service-hameln\/wp-content\/uploads\/sites\/3\/2025\/06\/Gabeltraeger-mit-schwimmenden-seitlich-verschiebbaren-Gabeln-MRT_datenbl.pdf\" target=\"_blank\" rel=\"noopener\">Datenblatt hier herunterladen<\/a>[\/vc_column_text][\/vc_column][vc_column width=&#8221;1\/3&#8243;][vc_single_image image=&#8221;22996&#8243; img_size=&#8221;full&#8221; css=&#8221;&#8221;][\/vc_column][\/vc_row][vc_row][vc_column][vc_empty_space height=&#8221;20px&#8221;][vc_separator border_width=&#8221;2&#8243; css=&#8221;&#8221;][vc_empty_space height=&#8221;20px&#8221;][\/vc_column][\/vc_row][vc_row][vc_column width=&#8221;2\/3&#8243;][vc_column_text css=&#8221;&#8221;]<\/p>\n<h3>Gabeltraeger mit schwimmenden Gabelzinken<br \/>\n(Anbauger\u00e4t f\u00fcr MLT und MT)<\/h3>\n<p>R\u00fcckenlehne laden serienm\u00e4\u00dfig. Gabelnivellierung.<\/p>\n<p>&nbsp;<\/p>\n<ul>\n<li>Tragf\u00e4higkeit: von 3.500 kg bis 7.500 kg<\/li>\n<li>Breite: von 1.140 mm bis 1.495 mm<\/li>\n<\/ul>\n<p>&nbsp;<\/p>\n<p><a href=\"https:\/\/www.truckxxgroup.de\/gabelstapler-service-hameln\/wp-content\/uploads\/sites\/3\/2025\/06\/Gabeltraeger-mit-schwimmenden-Gabelzinken-MLT-MT-Datenbl.pdf\" target=\"_blank\" rel=\"noopener\">Datenblatt hier herunterladen<\/a>[\/vc_column_text][\/vc_column][vc_column width=&#8221;1\/3&#8243;][vc_single_image image=&#8221;22999&#8243; img_size=&#8221;full&#8221; css=&#8221;&#8221;][\/vc_column][\/vc_row][vc_row][vc_column][vc_empty_space height=&#8221;20px&#8221;][vc_separator border_width=&#8221;2&#8243; css=&#8221;&#8221;][vc_empty_space height=&#8221;20px&#8221;][\/vc_column][\/vc_row][vc_row][vc_column width=&#8221;2\/3&#8243;][vc_column_text css=&#8221;&#8221;]<\/p>\n<h3>Schwerlastgabeltraeger mit Zinkenversteller<\/h3>\n<p>Hochfeste Konstruktion f\u00fcr Off-Road-Anwendungen. Positionierung der Gabeln durch Bolzen. Kippbare Gabeln.<\/p>\n<p>&nbsp;<\/p>\n<ul>\n<li>Tragf\u00e4higkeit: von 9.000 kg bis 25.000 kg<\/li>\n<li>Breite: von 2.027 mm bis 2.527 mm<\/li>\n<li>Gewicht: von 920 kg bis 1.420 kg<\/li>\n<li>Gesamtl\u00e4nge: von 268 mm bis 297 mm<\/li>\n<\/ul>\n<p>&nbsp;<\/p>\n<p><a href=\"https:\/\/www.truckxxgroup.de\/gabelstapler-service-hameln\/wp-content\/uploads\/sites\/3\/2025\/06\/Schwerlastgabeltraeger-mit-Zinkenversteller-Datenbl.pdf\" target=\"_blank\" rel=\"noopener\">Datenblatt hier herunterladen<\/a>[\/vc_column_text][\/vc_column][vc_column width=&#8221;1\/3&#8243;][vc_single_image image=&#8221;23002&#8243; img_size=&#8221;full&#8221; css=&#8221;&#8221;][\/vc_column][\/vc_row][vc_row][vc_column][vc_empty_space height=&#8221;20px&#8221;][vc_separator border_width=&#8221;2&#8243; css=&#8221;&#8221;][vc_empty_space height=&#8221;20px&#8221;][\/vc_column][\/vc_row][vc_row][vc_column width=&#8221;2\/3&#8243;][vc_column_text css=&#8221;&#8221;]<\/p>\n<h3>Hochbelastbare schwimmende Zinkenverstellger\u00e4te mit Seitenverschiebung<\/h3>\n<p>Robuste Konstruktion f\u00fcr den Einsatz in unwegsamem Gel\u00e4nde. Stangenf\u00f6rmige Gabelpositionierung + konstante Seitenverschiebung. Stiftartige Gabeln, die in &#8220;Schieber&#8221; eingesetzt werden &#8211; pr\u00e4zise Bewegung und Zuverl\u00e4ssigkeit. Patentiertes Seitenverschiebungssystem &#8211; verchromte Stange + Gleiter. Schwimmend gelagerte Gabeln. Zylinderhalterungen: verhindern ein Verbiegen der Zylinder unter rauen Bedingungen. Hinweis: Die Gabelspreizung wird an den \u00e4u\u00dferen Gabelkanten gemessen.<\/p>\n<p>&nbsp;<\/p>\n<ul>\n<li>Tragf\u00e4higkeit: von 9.000 kg bis 33.000 kg<\/li>\n<li>Breite: von 2.027 mm bis 2.937 mm<\/li>\n<li>Gewicht: von 2.440 kg bis 2.800 kg<\/li>\n<li>Gesamtl\u00e4nge: von 500 mm bis 505 mm<\/li>\n<\/ul>\n<p>&nbsp;<\/p>\n<p><a href=\"https:\/\/www.truckxxgroup.de\/gabelstapler-service-hameln\/wp-content\/uploads\/sites\/3\/2025\/06\/Hochbelastbare-schwimmende-Zinkenverstellgeraete-mit-Seitenverschiebung-Datenbl.pdf\" target=\"_blank\" rel=\"noopener\">Datenblatt hier herunterladen<\/a>[\/vc_column_text][\/vc_column][vc_column width=&#8221;1\/3&#8243;][vc_single_image image=&#8221;23005&#8243; img_size=&#8221;full&#8221; css=&#8221;&#8221;][\/vc_column][\/vc_row][vc_row][vc_column][vc_empty_space height=&#8221;20px&#8221;][vc_separator border_width=&#8221;2&#8243; css=&#8221;&#8221;][vc_empty_space height=&#8221;20px&#8221;][\/vc_column][\/vc_row][vc_row][vc_column width=&#8221;2\/3&#8243;][vc_column_text css=&#8221;&#8221;]<\/p>\n<h3>Hydraulisch verstellbare, schwimmende Gabelzinken<\/h3>\n<p>Hydraulische Schaltung mit Druckbegrenzer. Gabelspreizung: 275 mm\/1010 mm \/ 11 in\/40 in. Standard-Lastr\u00fccken. Stiftgabeln &#8211; bewegt durch &#8220;Schieber&#8221;. Hinweis: Gabelspreizung gemessen an den \u00e4u\u00dferen Gabelkanten.<\/p>\n<p>&nbsp;<\/p>\n<ul>\n<li>Tragf\u00e4higkeit: 4.500 kg<\/li>\n<li>Breite: 1.303 mm<\/li>\n<li>Gewicht: 350 kg<\/li>\n<li>Gesamtl\u00e4nge: 1.532 mm<\/li>\n<\/ul>\n<p>&nbsp;<\/p>\n<p><a href=\"https:\/\/www.truckxxgroup.de\/gabelstapler-service-hameln\/wp-content\/uploads\/sites\/3\/2025\/06\/manitou-Hydraulisch-verstellbare-schwimmende-Gabelzinken-Datenbl.pdf\" target=\"_blank\" rel=\"noopener\">Datenblatt hier herunterladen<\/a>[\/vc_column_text][\/vc_column][vc_column width=&#8221;1\/3&#8243;][vc_single_image image=&#8221;23008&#8243; img_size=&#8221;full&#8221; css=&#8221;&#8221;][\/vc_column][\/vc_row][vc_row][vc_column][vc_empty_space height=&#8221;20px&#8221;][vc_separator border_width=&#8221;2&#8243; css=&#8221;&#8221;][vc_empty_space height=&#8221;20px&#8221;][\/vc_column][\/vc_row][vc_row][vc_column width=&#8221;2\/3&#8243;][vc_column_text css=&#8221;&#8221;]<\/p>\n<h3>Manitou Palettengabel<\/h3>\n<p>Breiter Schlitten mit R\u00fcckenlehne f\u00fcr mehr Stabilit\u00e4t w\u00e4hrend der Fahrt. Standardisierte FEM-Gabeln, seitlich verschiebbar.<\/p>\n<p>&nbsp;<\/p>\n<ul>\n<li>Breite: von 915 mm bis 1.212 mm<\/li>\n<li>Kapazit\u00e4t: von 800 kg bis 1200 kg<\/li>\n<li>Gesamth\u00f6he: von 888 mm bis 893 mm<\/li>\n<li>Gesamt L\u00e4nge: von 800 mm bis 1.200 mm<\/li>\n<\/ul>\n<p>&nbsp;<\/p>\n<p><a href=\"https:\/\/www.truckxxgroup.de\/gabelstapler-service-hameln\/wp-content\/uploads\/sites\/3\/2025\/06\/Manitou-Palettengabel-Datenbl.pdf\" target=\"_blank\" rel=\"noopener\">Datenblatt hier herunterladen<\/a>[\/vc_column_text][\/vc_column][vc_column width=&#8221;1\/3&#8243;][vc_single_image image=&#8221;23011&#8243; img_size=&#8221;full&#8221; css=&#8221;&#8221;][\/vc_column][\/vc_row][vc_row][vc_column][vc_empty_space height=&#8221;20px&#8221;][vc_separator border_width=&#8221;2&#8243; css=&#8221;&#8221;][vc_empty_space height=&#8221;20px&#8221;][\/vc_column][\/vc_row][vc_row][vc_column width=&#8221;2\/3&#8243;][vc_column_text css=&#8221;&#8221;]<\/p>\n<h3>Manitou R-Evolution Kippgabeltr\u00e4ger<\/h3>\n<p>Erhebliche Steigerung der Funktionalit\u00e4t Ihres MRT dank einer kontinuierlichen 360\u00b0-Gabeldrehung. 2 Kapazit\u00e4ten: Bis zu 5000 kg \/ 11025 lb frontal (+\/- 15\u00b0) und bis zu 2500 kg \/ 5513 lb gedreht. Hinweis: In Deutschland und Italien ist f\u00fcr den MRT Vision+ ein Stra\u00dfenverkehrskit<\/p>\n<p>&nbsp;<\/p>\n<ul>\n<li>Tragf\u00e4higkeit: 5.000 kg<\/li>\n<li>Breite: 1.420 mm<\/li>\n<li>Gewicht: 680 kg<\/li>\n<li>Gesamtl\u00e4nge: 2.208 mm<\/li>\n<\/ul>\n<p>&nbsp;<\/p>\n<p><a href=\"https:\/\/www.truckxxgroup.de\/gabelstapler-service-hameln\/wp-content\/uploads\/sites\/3\/2025\/06\/manitou-R-Evolution-Kippgabeltraeger-Datenbl.pdf\" target=\"_blank\" rel=\"noopener\">Datenblatt hier herunterladen<\/a>[\/vc_column_text][\/vc_column][vc_column width=&#8221;1\/3&#8243;][vc_single_image image=&#8221;23014&#8243; img_size=&#8221;full&#8221; css=&#8221;&#8221;][\/vc_column][\/vc_row][vc_row][vc_column][vc_empty_space height=&#8221;20px&#8221;][vc_separator border_width=&#8221;2&#8243; css=&#8221;&#8221;][vc_empty_space height=&#8221;20px&#8221;][\/vc_column][\/vc_row][vc_row][vc_column width=&#8221;2\/3&#8243;][vc_column_text css=&#8221;&#8221;]<\/p>\n<h3>Manitou Gabeltraeger +\/- 90\u00b0<\/h3>\n<p>FEM-Gabeln, Kategorie 2. Hydraulische Rotation 90\u00b0\/90\u00b0. Verwendung zuverl\u00e4ssiger Manitou-Komponenten. Rotation mit 2 Zylindern f\u00fcr h\u00f6here Pr\u00e4zision. Tragf\u00e4higkeit gerade und gedreht: 1500\u202fkg \/ 3308\u202flb. Hinweis: F\u00fcr den Stra\u00dfenverkehr in Italien ist ein entsprechendes Ausr\u00fcstungskit vorgeschrieben. Wenden Sie sich an Ihren H\u00e4ndler.<\/p>\n<p>&nbsp;<\/p>\n<ul>\n<li>Tragf\u00e4higkeit: von 1.000 kg bis 1.500 kg<\/li>\n<li>Breite: 1.360 mm<\/li>\n<li>Gewicht: von 631 kg bis 662 kg<\/li>\n<li>Gesamtl\u00e4nge: 2.432 mm<\/li>\n<\/ul>\n<p>&nbsp;<\/p>\n<p><a href=\"https:\/\/www.truckxxgroup.de\/gabelstapler-service-hameln\/wp-content\/uploads\/sites\/3\/2025\/06\/gabeltraeger-plusminus-90-datenbl.pdf\" target=\"_blank\" rel=\"noopener\">Datenblatt hier herunterladen<\/a>[\/vc_column_text][\/vc_column][vc_column width=&#8221;1\/3&#8243;][vc_single_image image=&#8221;23018&#8243; img_size=&#8221;full&#8221; css=&#8221;&#8221;][\/vc_column][\/vc_row][vc_row][vc_column][vc_empty_space height=&#8221;20px&#8221;][vc_separator border_width=&#8221;2&#8243; css=&#8221;&#8221;][vc_empty_space height=&#8221;20px&#8221;][\/vc_column][\/vc_row][vc_row][vc_column width=&#8221;2\/3&#8243;][vc_column_text css=&#8221;&#8221;]<\/p>\n<h3>Manitou Kipp-Gabeltraeger mit Seitenverschiebung<br \/>\n(Anbauger\u00e4t f\u00fcr MRT und MHT)<\/h3>\n<p>St\u00e4ndige Seitenverschiebung. Gabeln nach FEM-Norm, Gabell\u00e4nge je nach Modell. Konstante Seitenverschiebung. Hinweis: Fahrverbotssatz in Italien. Kontaktieren Sie Ihren H\u00e4ndler.<br \/>\nHinweis: Das Stra\u00dfenfahrpaket ist in Deutschland f\u00fcr Vision\/Vision+ MRT vorgeschrieben. Kontaktieren Sie Ihren H\u00e4ndler.<\/p>\n<p>&nbsp;<\/p>\n<ul>\n<li>Tragf\u00e4higkeit: von 4.500 kg bis 9.000 kg<\/li>\n<li>Breite: von 1.320 mm bis 2.000 mm<\/li>\n<li>Gesamth\u00f6he: von 821 mm bis 1.000 mm<\/li>\n<li>Seitenschieber: 100 mm<\/li>\n<\/ul>\n<p>&nbsp;<\/p>\n<p><a href=\"https:\/\/www.truckxxgroup.de\/gabelstapler-service-hameln\/wp-content\/uploads\/sites\/3\/2025\/06\/Kipp-Gabeltraeger-mit-Seitenverschiebung-MRT-MHT.pdf\" target=\"_blank\" rel=\"noopener\">Datenblatt hier herunterladen<\/a>[\/vc_column_text][\/vc_column][vc_column width=&#8221;1\/3&#8243;][vc_single_image image=&#8221;23022&#8243; img_size=&#8221;full&#8221; css=&#8221;&#8221;][\/vc_column][\/vc_row][vc_row][vc_column][vc_empty_space height=&#8221;20px&#8221;][vc_separator border_width=&#8221;2&#8243; css=&#8221;&#8221;][vc_empty_space height=&#8221;20px&#8221;][\/vc_column][\/vc_row][vc_row][vc_column width=&#8221;2\/3&#8243;][vc_column_text css=&#8221;&#8221;]<\/p>\n<h3>Manitou Kipp-Gabeltraeger<br \/>\n(Anbauger\u00e4t f\u00fcr MRT und MHT)<\/h3>\n<p>Kippbare Gabeln. Gabeln nach FEM-Norm, Gabell\u00e4nge je nach Modell. Hinweis: Fahrverbotssatz in Italien. Kontaktieren Sie Ihren H\u00e4ndler. Hinweis: Das Stra\u00dfenfahrpaket ist in Deutschland f\u00fcr Vision\/Vision+ MRT vorgeschrieben. Kontaktieren Sie Ihren H\u00e4ndler.<\/p>\n<p>&nbsp;<\/p>\n<ul>\n<li>Tragf\u00e4higkeit: von 2.500 kg bis 9.000 kg<\/li>\n<li>Breite: von 1.320 mm bis 2.100 mm<\/li>\n<li>Gesamth\u00f6he: von 818 mm bis 1.440 mm<\/li>\n<\/ul>\n<p>&nbsp;<\/p>\n<p><a href=\"https:\/\/www.truckxxgroup.de\/gabelstapler-service-hameln\/wp-content\/uploads\/sites\/3\/2025\/06\/Kipp-Gabeltraeger-MRT-MHT-Datenbl.pdf\" target=\"_blank\" rel=\"noopener\">Datenblatt hier herunterladen<\/a>[\/vc_column_text][\/vc_column][vc_column width=&#8221;1\/3&#8243;][vc_single_image image=&#8221;23025&#8243; img_size=&#8221;full&#8221; css=&#8221;&#8221;][\/vc_column][\/vc_row][vc_row][vc_column][vc_empty_space height=&#8221;20px&#8221;][vc_separator border_width=&#8221;2&#8243; css=&#8221;&#8221;][vc_empty_space height=&#8221;20px&#8221;][\/vc_column][\/vc_row][vc_row][vc_column width=&#8221;2\/3&#8243;][vc_column_text css=&#8221;&#8221;]<\/p>\n<h3>Manitou Kipp-Gabeltr\u00e4ger<\/h3>\n<p>Kippbare Gabeln. Gabeln nach FEM\/ISO-Norm, Gabell\u00e4nge je nach Modell. Gabeln sind nicht im PFB enthalten, 2 Gabeln bestellen (au\u00dfer CAT 1020 \/ 1500 + 2 F 100x40x1200 und CAT 1260 \/ 5T + F 150x50x1200).<\/p>\n<p>&nbsp;<\/p>\n<ul>\n<li>Tragf\u00e4higkeit: von 1.500 kg bis 7.500 kg<\/li>\n<li>Breite: von 1.026 mm bis 2.084 mm<\/li>\n<li>Gewicht: von 71 kg bis 406 kg<\/li>\n<li>Gesamtl\u00e4nge: von 1.372 mm bis 1.497 mm<\/li>\n<\/ul>\n<p>&nbsp;<\/p>\n<p><a href=\"https:\/\/www.truckxxgroup.de\/gabelstapler-service-hameln\/wp-content\/uploads\/sites\/3\/2025\/06\/Kipp-Gabeltraeger-Datenbl.pdf\" target=\"_blank\" rel=\"noopener\">Datenblatt hier herunterladen<\/a>[\/vc_column_text][\/vc_column][vc_column width=&#8221;1\/3&#8243;][vc_single_image image=&#8221;23029&#8243; img_size=&#8221;full&#8221; css=&#8221;&#8221;][\/vc_column][\/vc_row][vc_row][vc_column][vc_empty_space height=&#8221;20px&#8221;][vc_separator border_width=&#8221;2&#8243; css=&#8221;&#8221;][vc_empty_space height=&#8221;20px&#8221;][\/vc_column][\/vc_row][vc_row][vc_column width=&#8221;2\/3&#8243;][vc_column_text css=&#8221;&#8221;]<\/p>\n<h3>Manitou Neigbarer Gabeltr\u00e4ger mit Lastschutzgitter<br \/>\n(Anbauger\u00e4t f\u00fcr MLT und MT)<\/h3>\n<p>Auf der Sch\u00fcrze \u00abPFB\u00bb verschraubter Lasttr\u00e4ger.<br \/>\nHinweis: Muss mit FEM-Gabeln verwendet werden.<\/p>\n<p>&nbsp;<\/p>\n<ul>\n<li>Tragf\u00e4higkeit: von 2.500 kg bis 4.500 kg<\/li>\n<li>Breite: von 1.044 mm bis 2.140 mm<\/li>\n<li>Gewicht: von 105 kg bis 360 kg<\/li>\n<li>Gesamth\u00f6he: von 1.176 mm bis 1.209 mm<\/li>\n<\/ul>\n<p>&nbsp;<\/p>\n<p><a href=\"https:\/\/www.truckxxgroup.de\/gabelstapler-service-hameln\/wp-content\/uploads\/sites\/3\/2025\/06\/Neigbarer-Gabeltraeger-mit-Lastschutzgitter-MLT-MT-Datenbl.pdf\" target=\"_blank\" rel=\"noopener\">Datenblatt hier herunterladen<\/a>[\/vc_column_text][\/vc_column][vc_column width=&#8221;1\/3&#8243;][vc_single_image image=&#8221;23032&#8243; img_size=&#8221;full&#8221; css=&#8221;&#8221;][\/vc_column][\/vc_row][vc_row][vc_column][vc_empty_space height=&#8221;20px&#8221;][vc_separator border_width=&#8221;2&#8243; css=&#8221;&#8221;][vc_empty_space height=&#8221;20px&#8221;][\/vc_column][\/vc_row][vc_row][vc_column width=&#8221;2\/3&#8243;][vc_column_text css=&#8221;&#8221;]<\/p>\n<h3>Kippgabeln Schlitten mit Seitenverschiebung &#8211; Lastr\u00fcckenlehne<br \/>\n(Anbauger\u00e4t f\u00fcr MLT und MT)<\/h3>\n<p>Anschraubbare Lastlehne f\u00fcr eine h\u00f6here Laststabilit\u00e4t. Hinweis: Zur Verwendung mit FEM-Gabeln.<\/p>\n<p>&nbsp;<\/p>\n<ul>\n<li>Tragf\u00e4higkeit: von 2.500 kg bis 4.500 kg<\/li>\n<li>Breite: von 1.044 mm bis 1.810 mm<\/li>\n<li>Gewicht: von 170 kg bis 595 kg<\/li>\n<li>Gesamth\u00f6he: von 1.222 mm bis 1.258 mm<\/li>\n<\/ul>\n<p>&nbsp;<\/p>\n<p><a href=\"https:\/\/www.truckxxgroup.de\/gabelstapler-service-hameln\/wp-content\/uploads\/sites\/3\/2025\/06\/Kippgabeln-Schlitten-mit-Seitenverschiebung-Lastrueckenlehne-MLT-MT-atenbl.pdf\" target=\"_blank\" rel=\"noopener\">Datenblatt hier herunterladen<\/a>[\/vc_column_text][\/vc_column][vc_column width=&#8221;1\/3&#8243;][vc_single_image image=&#8221;23035&#8243; img_size=&#8221;full&#8221; css=&#8221;&#8221;][\/vc_column][\/vc_row][vc_row][vc_column][vc_empty_space height=&#8221;20px&#8221;][vc_separator border_width=&#8221;2&#8243; css=&#8221;&#8221;][vc_empty_space height=&#8221;20px&#8221;][\/vc_column][\/vc_row][vc_row][vc_column width=&#8221;2\/3&#8243;][vc_column_text css=&#8221;&#8221;]<\/p>\n<h3>Kipp-Gabeltraeger mit Seitenverschiebung<br \/>\n(Anbauger\u00e4t f\u00fcr MLT und MT)<\/h3>\n<p>Hydraulikleitung erforderlich, um die Bewegung der Gabeln von der Kabine aus zu erm\u00f6glichen. Die Gabeln sind kippbar. Gabeln entsprechen der FEM\/ISO-Norm, Gabell\u00e4nge je nach Modell.<br \/>\nGabeln sind nicht in den PFBs enthalten, bitte bestellen Sie 2 St\u00fcck (au\u00dfer CAT 1260\/5T SS + F 150x50x1200).<\/p>\n<p>&nbsp;<\/p>\n<ul>\n<li>Tragf\u00e4higkeit: von 2.500 kg bis 5.000 kg<\/li>\n<li>Breite: von 1.020 mm bis 1.670 mm<\/li>\n<li>Gewicht: von 135 kg bis 606 kg<\/li>\n<li>Gesamtl\u00e4nge: 1.573 mm<\/li>\n<\/ul>\n<p>&nbsp;<\/p>\n<p><a href=\"https:\/\/www.truckxxgroup.de\/gabelstapler-service-hameln\/wp-content\/uploads\/sites\/3\/2025\/06\/Kipp-Gabeltraeger-mit-Seitenverschiebung-MLT-MT.pdf\" target=\"_blank\" rel=\"noopener\">Datenblatt hier herunterladen<\/a>[\/vc_column_text][\/vc_column][vc_column width=&#8221;1\/3&#8243;][vc_single_image image=&#8221;23038&#8243; img_size=&#8221;full&#8221; css=&#8221;&#8221;][\/vc_column][\/vc_row][vc_row][vc_column][vc_empty_space height=&#8221;20px&#8221;][vc_separator border_width=&#8221;2&#8243; css=&#8221;&#8221;][vc_empty_space height=&#8221;20px&#8221;][\/vc_column][\/vc_row]<\/p>\n<\/div>","protected":false},"excerpt":{"rendered":"<p>[vc_row][vc_column][vc_single_image image=&#8221;21205&#8243; img_size=&#8221;450&#215;116&#8243; alignment=&#8221;center&#8221; css=&#8221;&#8221;][vc_column_text css=&#8221;&#8221;] Anbauger\u00e4te: Gabeltr\u00e4ger f\u00fcr Manitou. Die Gabeltr\u00e4ger von Manitou sind robuste Verbindungselemente zwischen Tr\u00e4gerfahrzeug und Gabelzinken, die f\u00fcr maximale Stabilit\u00e4t und Flexibilit\u00e4t beim Lastenhandling sorgen. Sie erm\u00f6glichen den schnellen Wechsel von Anbauger\u00e4ten und sind in verschiedenen Breiten und Tragf\u00e4higkeiten erh\u00e4ltlich \u2013 ideal f\u00fcr den professionellen Einsatz in Landwirtschaft, Bau und&hellip;<\/p>\n","protected":false},"author":2,"featured_media":0,"parent":22519,"menu_order":0,"comment_status":"closed","ping_status":"closed","template":"","meta":{"footnotes":""},"class_list":["post-22975","page","type-page","status-publish","hentry","description-off"],"_links":{"self":[{"href":"https:\/\/www.truckxxgroup.de\/gabelstapler-service-hameln\/wp-json\/wp\/v2\/pages\/22975","targetHints":{"allow":["GET"]}}],"collection":[{"href":"https:\/\/www.truckxxgroup.de\/gabelstapler-service-hameln\/wp-json\/wp\/v2\/pages"}],"about":[{"href":"https:\/\/www.truckxxgroup.de\/gabelstapler-service-hameln\/wp-json\/wp\/v2\/types\/page"}],"author":[{"embeddable":true,"href":"https:\/\/www.truckxxgroup.de\/gabelstapler-service-hameln\/wp-json\/wp\/v2\/users\/2"}],"replies":[{"embeddable":true,"href":"https:\/\/www.truckxxgroup.de\/gabelstapler-service-hameln\/wp-json\/wp\/v2\/comments?post=22975"}],"version-history":[{"count":22,"href":"https:\/\/www.truckxxgroup.de\/gabelstapler-service-hameln\/wp-json\/wp\/v2\/pages\/22975\/revisions"}],"predecessor-version":[{"id":23039,"href":"https:\/\/www.truckxxgroup.de\/gabelstapler-service-hameln\/wp-json\/wp\/v2\/pages\/22975\/revisions\/23039"}],"up":[{"embeddable":true,"href":"https:\/\/www.truckxxgroup.de\/gabelstapler-service-hameln\/wp-json\/wp\/v2\/pages\/22519"}],"wp:attachment":[{"href":"https:\/\/www.truckxxgroup.de\/gabelstapler-service-hameln\/wp-json\/wp\/v2\/media?parent=22975"}],"curies":[{"name":"wp","href":"https:\/\/api.w.org\/{rel}","templated":true}]}}