{"id":756,"date":"2016-02-23T13:56:52","date_gmt":"2016-02-23T12:56:52","guid":{"rendered":"http:\/\/www.truckxgroup.de\/fahrzeugbau-schierling\/?page_id=756"},"modified":"2023-10-20T10:38:28","modified_gmt":"2023-10-20T08:38:28","slug":"24-stunden-service","status":"publish","type":"page","link":"https:\/\/www.truckxxgroup.de\/fahrzeugbau-schierling\/24-stunden-service\/","title":{"rendered":"24 Stunden Service"},"content":{"rendered":"<div class=\"wpb-content-wrapper\"><p>[vc_row][vc_column width=&#8221;2\/3&#8243;][vc_column_text]<\/p>\n<h3>24h Service f\u00fcr Nutzfahrzeuge<\/h3>\n<p><strong>Tag und Nacht &#8211; 365 Tage im Jahr- Rund um die Uhr f\u00fcr Sie da!<\/strong><\/p>\n<p>In unserem Haus ist ein 24-Std. Notdienst eingerichtet der Ihr Fahrzeug bei Bedarf zu jeder Zeit wieder flott macht. Ob Sie direkt anrufen oder \u00fcber Service 24, wir stehen Ihnen immer zur Verf\u00fcgung.<\/p>\n<p>Ebenfalls sind unsere Pannenfahrzeuge mit allem ausger\u00fcstet, was unterwegs von N\u00f6ten w\u00e4re. Zur Zeit sind 4 VW LT, 1 VW Transporter und ein Opel Campo f\u00fcr unsere Kunden unterwegs im Dienst.<\/p>\n<p>Dieses gew\u00e4hrleistet, dass wir viele Reparaturen vor Ort ausf\u00fchren k\u00f6nnen, ohne dass zeitaufw\u00e4ndige \u00dcberf\u00fchrungen in eine Werkstatt vorgenommen werden m\u00fcssen.<\/p>\n<p>[\/vc_column_text][\/vc_column][vc_column width=&#8221;1\/3&#8243;][vc_single_image image=&#8221;763&#8243; img_size=&#8221;full&#8221; alignment=&#8221;center&#8221; style=&#8221;vc_box_shadow_3d&#8221;][\/vc_column][\/vc_row]<\/p>\n<\/div>","protected":false},"excerpt":{"rendered":"<p>[vc_row][vc_column width=&#8221;2\/3&#8243;][vc_column_text] 24h Service f\u00fcr Nutzfahrzeuge Tag und Nacht &#8211; 365 Tage im Jahr- Rund um die Uhr f\u00fcr Sie da! In unserem Haus ist ein 24-Std. Notdienst eingerichtet der Ihr Fahrzeug bei Bedarf zu jeder Zeit wieder flott macht. Ob Sie direkt anrufen oder \u00fcber Service 24, wir stehen Ihnen immer zur Verf\u00fcgung. Ebenfalls&hellip;<\/p>\n","protected":false},"author":2,"featured_media":0,"parent":0,"menu_order":0,"comment_status":"closed","ping_status":"closed","template":"","meta":{"footnotes":""},"class_list":["post-756","page","type-page","status-publish","hentry","description-off"],"_links":{"self":[{"href":"https:\/\/www.truckxxgroup.de\/fahrzeugbau-schierling\/wp-json\/wp\/v2\/pages\/756","targetHints":{"allow":["GET"]}}],"collection":[{"href":"https:\/\/www.truckxxgroup.de\/fahrzeugbau-schierling\/wp-json\/wp\/v2\/pages"}],"about":[{"href":"https:\/\/www.truckxxgroup.de\/fahrzeugbau-schierling\/wp-json\/wp\/v2\/types\/page"}],"author":[{"embeddable":true,"href":"https:\/\/www.truckxxgroup.de\/fahrzeugbau-schierling\/wp-json\/wp\/v2\/users\/2"}],"replies":[{"embeddable":true,"href":"https:\/\/www.truckxxgroup.de\/fahrzeugbau-schierling\/wp-json\/wp\/v2\/comments?post=756"}],"version-history":[{"count":6,"href":"https:\/\/www.truckxxgroup.de\/fahrzeugbau-schierling\/wp-json\/wp\/v2\/pages\/756\/revisions"}],"predecessor-version":[{"id":761,"href":"https:\/\/www.truckxxgroup.de\/fahrzeugbau-schierling\/wp-json\/wp\/v2\/pages\/756\/revisions\/761"}],"wp:attachment":[{"href":"https:\/\/www.truckxxgroup.de\/fahrzeugbau-schierling\/wp-json\/wp\/v2\/media?parent=756"}],"curies":[{"name":"wp","href":"https:\/\/api.w.org\/{rel}","templated":true}]}}