{"id":694,"date":"2016-02-22T12:11:48","date_gmt":"2016-02-22T11:11:48","guid":{"rendered":"http:\/\/www.truckxgroup.de\/fahrzeugbau-schierling\/?page_id=694"},"modified":"2023-10-20T10:37:00","modified_gmt":"2023-10-20T08:37:00","slug":"nutzfahrzeug-service","status":"publish","type":"page","link":"https:\/\/www.truckxxgroup.de\/fahrzeugbau-schierling\/nutzfahrzeug-service\/","title":{"rendered":"Nutzfahrzeug Service"},"content":{"rendered":"<div class=\"wpb-content-wrapper\"><p>[vc_row][vc_column width=&#8221;2\/3&#8243;][vc_column_text]<\/p>\n<h3>Nfz-Service in Hameln<\/h3>\n<p><strong>Bei uns sind Sie mit Ihrem Fahrzeug gut aufgehoben!<\/strong><\/p>\n<p>Fachgerechte Arbeiten sind an einem Nutzfahrzeug oder Bus\u00a0 schon auf Grund der Gr\u00f6\u00dfe nicht in jeder Werkstatt geeignet. Wir bieten das Know-How und die notwendige Ausr\u00fcstung, um anspruchsvolle Aufgaben perfekt zu meistern.<br \/>\nGro\u00dfdimensionierte Hallenr\u00e4ume, qualifiziertes Fachpersonal, eine umfassende Ger\u00e4teausstattung und ein umfangreiches Ersatzteillager sind Voraussetzungen, mit denen wir Sch\u00e4den an Fahrzeugen schnell, preiswert und qualit\u00e4tsbewusst beheben.[\/vc_column_text][vc_column_text]<img loading=\"lazy\" decoding=\"async\" class=\"size-full wp-image-703 aligncenter\" src=\"https:\/\/www.truckxxgroup.de\/fahrzeugbau-schierling\/wp-content\/uploads\/sites\/5\/2016\/02\/nfz-service-hameln-service.jpg\" alt=\"Fahrzeugbau Hameln und Nutzfahrzeugservice Hameln\" width=\"1284\" height=\"281\" srcset=\"https:\/\/www.truckxxgroup.de\/fahrzeugbau-schierling\/wp-content\/uploads\/sites\/5\/2016\/02\/nfz-service-hameln-service.jpg 1284w, https:\/\/www.truckxxgroup.de\/fahrzeugbau-schierling\/wp-content\/uploads\/sites\/5\/2016\/02\/nfz-service-hameln-service-300x66.jpg 300w, https:\/\/www.truckxxgroup.de\/fahrzeugbau-schierling\/wp-content\/uploads\/sites\/5\/2016\/02\/nfz-service-hameln-service-1024x224.jpg 1024w\" sizes=\"auto, (max-width: 1284px) 100vw, 1284px\" \/>[\/vc_column_text][vc_column_text]<\/p>\n<h3>Unsere Leistungen &#8211; Nutzfahrzeug-Service:<\/h3>\n<ul>\n<li>Durchf\u00fchrung s\u00e4mtlicher gesetzlicher Abnahmen an Ihren FahrzeugenWartung nach Herstellerangaben s\u00e4mtlicher Fabrikate<\/li>\n<li>Fachgerechte Instandsetzung von Verschlei\u00dfteilen an s\u00e4mtlichen Fabrikaten<\/li>\n<li>Anh\u00e4nger- und Aufliegerinstandsetzung einschlie\u00dflich Fahrgestell<\/li>\n<li>Qualifizierte Rahmen- und Aufbauinstandsetzung s\u00e4mtlicher Fabrikate<\/li>\n<li>Lackierungen und Beschriftungen s\u00e4mtlicher Fahrzeuge<\/li>\n<li>Erneuern von Front- und Seitenscheiben<\/li>\n<li>WABCO Servicecenter einschlie\u00dflich Gew\u00e4hrleistungsabwicklung<\/li>\n<li>Einbau- und Instandsetzung von Zusatzheizungen<\/li>\n<\/ul>\n<p>[\/vc_column_text][\/vc_column][vc_column width=&#8221;1\/3&#8243;][vc_single_image image=&#8221;696&#8243; img_size=&#8221;full&#8221; alignment=&#8221;center&#8221; style=&#8221;vc_box_shadow_3d&#8221;][vc_column_text]<\/p>\n<h3>Unsere Erfahrung &#8211; Ihr Mehrwert<\/h3>\n<p>&nbsp;<\/p>\n<ul>\n<li>Jahrzehnte lange Erfahrung<\/li>\n<li>Qualifiziertes Fachpersonal<\/li>\n<li>Umfangreiches Ersatzteilelager in Hameln<\/li>\n<li>Gro\u00dfdimensionierte Hallenr\u00e4ume<\/li>\n<li>MAN Truck &amp; Bus Deutschland Vertragspartner<\/li>\n<li>Neoplan Vertragspartner<\/li>\n<\/ul>\n<p>[\/vc_column_text][\/vc_column][\/vc_row]<\/p>\n<\/div>","protected":false},"excerpt":{"rendered":"<p>[vc_row][vc_column width=&#8221;2\/3&#8243;][vc_column_text] Nfz-Service in Hameln Bei uns sind Sie mit Ihrem Fahrzeug gut aufgehoben! Fachgerechte Arbeiten sind an einem Nutzfahrzeug oder Bus\u00a0 schon auf Grund der Gr\u00f6\u00dfe nicht in jeder Werkstatt geeignet. Wir bieten das Know-How und die notwendige Ausr\u00fcstung, um anspruchsvolle Aufgaben perfekt zu meistern. Gro\u00dfdimensionierte Hallenr\u00e4ume, qualifiziertes Fachpersonal, eine umfassende Ger\u00e4teausstattung und ein&hellip;<\/p>\n","protected":false},"author":2,"featured_media":0,"parent":0,"menu_order":0,"comment_status":"closed","ping_status":"closed","template":"","meta":{"footnotes":""},"class_list":["post-694","page","type-page","status-publish","hentry","description-off"],"_links":{"self":[{"href":"https:\/\/www.truckxxgroup.de\/fahrzeugbau-schierling\/wp-json\/wp\/v2\/pages\/694","targetHints":{"allow":["GET"]}}],"collection":[{"href":"https:\/\/www.truckxxgroup.de\/fahrzeugbau-schierling\/wp-json\/wp\/v2\/pages"}],"about":[{"href":"https:\/\/www.truckxxgroup.de\/fahrzeugbau-schierling\/wp-json\/wp\/v2\/types\/page"}],"author":[{"embeddable":true,"href":"https:\/\/www.truckxxgroup.de\/fahrzeugbau-schierling\/wp-json\/wp\/v2\/users\/2"}],"replies":[{"embeddable":true,"href":"https:\/\/www.truckxxgroup.de\/fahrzeugbau-schierling\/wp-json\/wp\/v2\/comments?post=694"}],"version-history":[{"count":11,"href":"https:\/\/www.truckxxgroup.de\/fahrzeugbau-schierling\/wp-json\/wp\/v2\/pages\/694\/revisions"}],"predecessor-version":[{"id":3841,"href":"https:\/\/www.truckxxgroup.de\/fahrzeugbau-schierling\/wp-json\/wp\/v2\/pages\/694\/revisions\/3841"}],"wp:attachment":[{"href":"https:\/\/www.truckxxgroup.de\/fahrzeugbau-schierling\/wp-json\/wp\/v2\/media?parent=694"}],"curies":[{"name":"wp","href":"https:\/\/api.w.org\/{rel}","templated":true}]}}