{"id":2695,"date":"2020-11-12T11:32:41","date_gmt":"2020-11-12T10:32:41","guid":{"rendered":"https:\/\/www.truckxxgroup.de\/fahrzeugbau-schierling\/?page_id=2695"},"modified":"2024-08-28T12:28:00","modified_gmt":"2024-08-28T10:28:00","slug":"ladekranaufbauten","status":"publish","type":"page","link":"https:\/\/www.truckxxgroup.de\/fahrzeugbau-schierling\/ladekranaufbauten\/","title":{"rendered":"Ladekranaufbauten"},"content":{"rendered":"<div class=\"wpb-content-wrapper\"><p>[vc_row][vc_column width=&#8221;1\/2&#8243;][vc_column_text]<\/p>\n<h3>Ladekrane &#8211; Die mobilen Helfer<\/h3>\n<p>Ob Baustoffh\u00e4ndler, Zimmerei, Stra\u00dfenmeisterei, Feuerwehr oder in anderen Branchen: Ladekrane vom Leichtkran \u00fcber mittlere, schwere bis hin zum Spezialladekran sind unerl\u00e4ssliche Helfer bei vielen Anwendungen. Der Aufbau eines Fahrgestells mit Ladekran will wohl durchdacht sein. Daf\u00fcr stehen wir von Fahrzeugbau Schierling Ihnen beratend und ausf\u00fchrend von der Planung bis zum fertigen Fahrzeug zur Seite.<\/p>\n<p>Wir sind Ihnen von der Auswahl des passenden Ladekrans f\u00fcr ihr Projekt sowie bei der Wahl des passenden Fahrgestells behilflich. Als MAN Truck &amp; Bus Servicepartner am Standort Hameln, k\u00f6nnen wir hier bei neuen Fahrgestellen einen Gro\u00dfteil der Abwicklung f\u00fcr Sie \u00fcbernehmen. Ladekranaufbauten f\u00fchren wir nat\u00fcrlich auf neue und gebrauchte Fahrgestelle durch. Auch Service und Wartung f\u00fcr <strong>Palfinger Krane<\/strong> f\u00fchren wir im Haus durch.<\/p>\n<p>Sprechen Sie uns gerne an, wir freuen uns auf ihr Projekt![\/vc_column_text][\/vc_column][vc_column width=&#8221;1\/2&#8243;][vc_single_image image=&#8221;14347&#8243; img_size=&#8221;full&#8221; style=&#8221;vc_box_shadow_3d&#8221; css=&#8221;&#8221;][\/vc_column][\/vc_row][vc_row][vc_column][vc_empty_space height=&#8221;60px&#8221;][\/vc_column][\/vc_row][vc_row][vc_column][vc_row_inner][vc_column_inner][vc_column_text]<\/p>\n<h3>Wo kommen Ladekrane zum Einsatz?<\/h3>\n<p>Nachstehend einige Beispiele f\u00fcr Branchen und Bereiche, in welchen wir bereits Fahrzeuge mit Ladekranen aufgebaut haben.[\/vc_column_text][\/vc_column_inner][\/vc_row_inner][vc_row_inner][vc_column_inner width=&#8221;1\/3&#8243;][vc_column_text]<\/p>\n<h4 style=\"text-align: left;\">Baustoffh\u00e4ndler<\/h4>\n<p>[\/vc_column_text][vc_single_image image=&#8221;2705&#8243; img_size=&#8221;full&#8221;][vc_column_text css=&#8221;.vc_custom_1605173225321{margin-top: -20px !important;}&#8221;]Ohne Ladekran w\u00e4re es in der Baustoffbranche nur schwer oder gar nicht m\u00f6glich, die Fracht beim Kunden abzusetzen. Fahrzeugbau Schierling hat in den letzten Jahren diverse Lkw Fahrgestelle mit Ladekran f\u00fcr Baustoffh\u00e4ndler aufgebaut.[\/vc_column_text][\/vc_column_inner][vc_column_inner width=&#8221;1\/3&#8243;][vc_column_text]<\/p>\n<h4 style=\"text-align: left;\">Feuerwehren<\/h4>\n<p>[\/vc_column_text][vc_single_image image=&#8221;2712&#8243; img_size=&#8221;full&#8221;][vc_column_text css=&#8221;.vc_custom_1605174400816{margin-top: -20px !important;}&#8221;]Auf die besonderen Anforderungen bei Fahrzeugen f\u00fcr Feuerwehren sind wir eingestellt: Mehrere Aufbauten f\u00fcr Feuerwehren sind in den letzten Jahren bei uns in Hameln durchgef\u00fchrt worden.[\/vc_column_text][\/vc_column_inner][vc_column_inner width=&#8221;1\/3&#8243;][vc_column_text]<\/p>\n<h4 style=\"text-align: left;\">Stra\u00dfenmeistereien<\/h4>\n<p>[\/vc_column_text][vc_single_image image=&#8221;2715&#8243; img_size=&#8221;full&#8221;][vc_column_text css=&#8221;.vc_custom_1605175317679{margin-top: -20px !important;}&#8221;]Auch bei der Instandsetzung und Wartung von Stra\u00dfe und Autobahnen werden Ladekrane eingesetzt. Auf die speziellen Anforderungen in diesem Bereich sind wir durch eine gro\u00dfe Anzahl an Fahrzeugen welche wir in den vergangenen Jahren an Stra\u00dfenmeistereien mit Ladekran ausgeliefert haben, bestens vorbereitet.[\/vc_column_text][\/vc_column_inner][\/vc_row_inner][\/vc_column][\/vc_row][vc_row][vc_column][vc_empty_space height=&#8221;60px&#8221;][\/vc_column][\/vc_row][vc_row][vc_column][vc_row_inner][vc_column_inner width=&#8221;1\/2&#8243;][vc_column_text]<\/p>\n<h3>Welche Gr\u00f6\u00dfen von Ladekranen gibt es?<\/h3>\n<p>Angefangen bei Ladekranen in der Ausf\u00fchrung als Leichtkran welche z.B. auf 3,5t Fahrgestelle montiert geht es bis zu schweren Ladekranen und Spezialkranen, welche auf Lkw Fahrgestelle montiert werden.<\/p>\n<p>Grunds\u00e4tzlich unterscheiden wir zwischen Kleinkranen sowie den Klassen Leicht, Mittel, Schwer und Spezialmodelle. Da es in jeder Gruppe eine Vielzahl von Kranen gibt, empfiehlt es sich immer, in einem Beratungsgespr\u00e4ch den genauen Einsatzzweck mit uns zu besprechen. Es ist \u00e4rgerlich, wenn der Kran nach kurzer Zeit nicht genug Leistung hat, weil zum Beispiel das Einsatzgebiet erweitert werden soll. Auf der anderen Seite braucht nicht jeder auch wirklich jede Eigenschaft und Leistung.<\/p>\n<p>Wir helfen Ihnen, die optimale Balance zwischen Kosten\/Nutzen bei der Wahl ihres Ladekran zu finden.[\/vc_column_text][\/vc_column_inner][vc_column_inner width=&#8221;1\/2&#8243;][vc_single_image image=&#8221;2748&#8243; img_size=&#8221;full&#8221; alignment=&#8221;right&#8221; css=&#8221;.vc_custom_1605185603760{margin-top: 20px !important;}&#8221;][\/vc_column_inner][\/vc_row_inner][\/vc_column][\/vc_row][vc_row][vc_column][vc_empty_space height=&#8221;60px&#8221;][\/vc_column][\/vc_row][vc_row][vc_column][vc_row_inner][vc_column_inner][vc_column_text]<\/p>\n<h3>Einblicke in unsere Ladekranaufbauten<\/h3>\n<p>Schauen Sie sich an, was unsere Kunden mit Ihrem Ladekran so &#8220;wuppen&#8221; und welche Erfahrungen wir im Bereich der Ladekranaufbauten haben.[\/vc_column_text][\/vc_column_inner][\/vc_row_inner][vc_row_inner][vc_column_inner width=&#8221;1\/2&#8243;][vc_column_text]<\/p>\n<h4 class=\"title style-scope ytd-video-primary-info-renderer\">Zimmerei Bauwerk Maximilian Heese setzt auf MAN TGX und Palfinger PK 42002 Kran<\/h4>\n<p>[\/vc_column_text][vc_column_text]<div class='cookieplus'><div class='cookieplus-blocked-cookies-message'>Inhalt gesperrt, Sie m\u00fcssen Cookies akzeptieren, um diesen Inhalt zu sehen.<\/div><div  class='cookieplus-btn cookieplus-btn-green  cookieplus-btn-accept-cookies' style='border-radius: 5px; '>Cookies akzeptieren<\/div><\/div>[\/vc_column_text][vc_column_text css=&#8221;.vc_custom_1605182796257{margin-top: -20px !important;}&#8221;]Herr Heese hat sich f\u00fcr seine Zimmerei bei uns in Hameln ein MAN Fahrgestellt mit einem Palfinger Kran aufbauen lassen. F\u00fcr die Montage von Dachst\u00fchlen ist er somit bestens ausger\u00fcstet und muss keinen Kran mehr dazu mieten. Das bedeutet mehr Flexibilit\u00e4t und die Erschlie\u00dfung von weiteren Gesch\u00e4ftsfeldern &#8211; schlie\u00dflich hebt der Kran nicht nur Dachst\u00fchle.[\/vc_column_text][\/vc_column_inner][vc_column_inner width=&#8221;1\/2&#8243;][vc_column_text]<\/p>\n<h4>Ladekranaufbauten von Fahrzeugbau Schierling<\/h4>\n<p>[\/vc_column_text][\/vc_column_inner][\/vc_row_inner][\/vc_column][\/vc_row][vc_row][vc_column][vc_column_text css_animation=&#8221;bounceInUp&#8221; css=&#8221;.vc_custom_1605183734060{margin-right: 5% !important;margin-left: 5% !important;border-top-width: 2px !important;border-right-width: 2px !important;border-bottom-width: 2px !important;border-left-width: 2px !important;padding-top: 50px !important;padding-right: 30px !important;padding-bottom: 50px !important;padding-left: 30px !important;border-left-color: #0061a1 !important;border-left-style: solid !important;border-right-color: #0061a1 !important;border-right-style: solid !important;border-top-color: #0061a1 !important;border-top-style: solid !important;border-bottom-color: #0061a1 !important;border-bottom-style: solid !important;border-radius: 15px !important;}&#8221;]<\/p>\n<h3 style=\"text-align: center;\"><span style=\"color: #000000;\">Sie haben Fragen zu Ladenkranen?<\/span><\/h3>\n<p style=\"text-align: center;\"><span style=\"color: #000000;\">Wir stehen Ihnen gerne behilflich zur Seite.<br \/>\nKontaktieren Sie uns und gemeinsam erschaffen wir das optimale Ladekran Fahrzeug f\u00fcr Sie!<br \/>\n<a href=\"https:\/\/www.truckxxgroup.de\/fahrzeugbau-schierling\/kontakt\/\"><strong>Jetzt Kontakt aufnehmen.<\/strong><\/a><\/span><\/p>\n<p>[\/vc_column_text][\/vc_column][\/vc_row]<\/p>\n<\/div>","protected":false},"excerpt":{"rendered":"<p>[vc_row][vc_column width=&#8221;1\/2&#8243;][vc_column_text] Ladekrane &#8211; Die mobilen Helfer Ob Baustoffh\u00e4ndler, Zimmerei, Stra\u00dfenmeisterei, Feuerwehr oder in anderen Branchen: Ladekrane vom Leichtkran \u00fcber mittlere, schwere bis hin zum Spezialladekran sind unerl\u00e4ssliche Helfer bei vielen Anwendungen. Der Aufbau eines Fahrgestells mit Ladekran will wohl durchdacht sein. Daf\u00fcr stehen wir von Fahrzeugbau Schierling Ihnen beratend und ausf\u00fchrend von der Planung&hellip;<\/p>\n","protected":false},"author":2,"featured_media":0,"parent":0,"menu_order":0,"comment_status":"closed","ping_status":"closed","template":"","meta":{"footnotes":""},"class_list":["post-2695","page","type-page","status-publish","hentry","description-off"],"_links":{"self":[{"href":"https:\/\/www.truckxxgroup.de\/fahrzeugbau-schierling\/wp-json\/wp\/v2\/pages\/2695","targetHints":{"allow":["GET"]}}],"collection":[{"href":"https:\/\/www.truckxxgroup.de\/fahrzeugbau-schierling\/wp-json\/wp\/v2\/pages"}],"about":[{"href":"https:\/\/www.truckxxgroup.de\/fahrzeugbau-schierling\/wp-json\/wp\/v2\/types\/page"}],"author":[{"embeddable":true,"href":"https:\/\/www.truckxxgroup.de\/fahrzeugbau-schierling\/wp-json\/wp\/v2\/users\/2"}],"replies":[{"embeddable":true,"href":"https:\/\/www.truckxxgroup.de\/fahrzeugbau-schierling\/wp-json\/wp\/v2\/comments?post=2695"}],"version-history":[{"count":46,"href":"https:\/\/www.truckxxgroup.de\/fahrzeugbau-schierling\/wp-json\/wp\/v2\/pages\/2695\/revisions"}],"predecessor-version":[{"id":14348,"href":"https:\/\/www.truckxxgroup.de\/fahrzeugbau-schierling\/wp-json\/wp\/v2\/pages\/2695\/revisions\/14348"}],"wp:attachment":[{"href":"https:\/\/www.truckxxgroup.de\/fahrzeugbau-schierling\/wp-json\/wp\/v2\/media?parent=2695"}],"curies":[{"name":"wp","href":"https:\/\/api.w.org\/{rel}","templated":true}]}}

<div class="wpb-content-wrapper"><p>[vc_row][vc_column width=&#8221;1/2&#8243;][vc_column_text]</p>
<h3>Ladekrane &#8211; Die mobilen Helfer</h3>
<p>Ob Baustoffhändler, Zimmerei, Straßenmeisterei, Feuerwehr oder in anderen Branchen: Ladekrane vom Leichtkran über mittlere, schwere bis hin zum Spezialladekran sind unerlässliche Helfer bei vielen Anwendungen. Der Aufbau eines Fahrgestells mit Ladekran will wohl durchdacht sein. Dafür stehen wir von Fahrzeugbau Schierling Ihnen beratend und ausführend von der Planung bis zum fertigen Fahrzeug zur Seite.</p>
<p>Wir sind Ihnen von der Auswahl des passenden Ladekrans für ihr Projekt sowie bei der Wahl des passenden Fahrgestells behilflich. Als MAN Truck &amp; Bus Servicepartner am Standort Hameln, können wir hier bei neuen Fahrgestellen einen Großteil der Abwicklung für Sie übernehmen. Ladekranaufbauten führen wir natürlich auf neue und gebrauchte Fahrgestelle durch. Auch Service und Wartung für <strong>Palfinger Krane</strong> führen wir im Haus durch.</p>
<p>Sprechen Sie uns gerne an, wir freuen uns auf ihr Projekt![/vc_column_text][/vc_column][vc_column width=&#8221;1/2&#8243;][vc_single_image image=&#8221;14347&#8243; img_size=&#8221;full&#8221; style=&#8221;vc_box_shadow_3d&#8221; css=&#8221;&#8221;][/vc_column][/vc_row][vc_row][vc_column][vc_empty_space height=&#8221;60px&#8221;][/vc_column][/vc_row][vc_row][vc_column][vc_row_inner][vc_column_inner][vc_column_text]</p>
<h3>Wo kommen Ladekrane zum Einsatz?</h3>
<p>Nachstehend einige Beispiele für Branchen und Bereiche, in welchen wir bereits Fahrzeuge mit Ladekranen aufgebaut haben.[/vc_column_text][/vc_column_inner][/vc_row_inner][vc_row_inner][vc_column_inner width=&#8221;1/3&#8243;][vc_column_text]</p>
<h4 style="text-align: left;">Baustoffhändler</h4>
<p>[/vc_column_text][vc_single_image image=&#8221;2705&#8243; img_size=&#8221;full&#8221;][vc_column_text css=&#8221;.vc_custom_1605173225321{margin-top: -20px !important;}&#8221;]Ohne Ladekran wäre es in der Baustoffbranche nur schwer oder gar nicht möglich, die Fracht beim Kunden abzusetzen. Fahrzeugbau Schierling hat in den letzten Jahren diverse Lkw Fahrgestelle mit Ladekran für Baustoffhändler aufgebaut.[/vc_column_text][/vc_column_inner][vc_column_inner width=&#8221;1/3&#8243;][vc_column_text]</p>
<h4 style="text-align: left;">Feuerwehren</h4>
<p>[/vc_column_text][vc_single_image image=&#8221;2712&#8243; img_size=&#8221;full&#8221;][vc_column_text css=&#8221;.vc_custom_1605174400816{margin-top: -20px !important;}&#8221;]Auf die besonderen Anforderungen bei Fahrzeugen für Feuerwehren sind wir eingestellt: Mehrere Aufbauten für Feuerwehren sind in den letzten Jahren bei uns in Hameln durchgeführt worden.[/vc_column_text][/vc_column_inner][vc_column_inner width=&#8221;1/3&#8243;][vc_column_text]</p>
<h4 style="text-align: left;">Straßenmeistereien</h4>
<p>[/vc_column_text][vc_single_image image=&#8221;2715&#8243; img_size=&#8221;full&#8221;][vc_column_text css=&#8221;.vc_custom_1605175317679{margin-top: -20px !important;}&#8221;]Auch bei der Instandsetzung und Wartung von Straße und Autobahnen werden Ladekrane eingesetzt. Auf die speziellen Anforderungen in diesem Bereich sind wir durch eine große Anzahl an Fahrzeugen welche wir in den vergangenen Jahren an Straßenmeistereien mit Ladekran ausgeliefert haben, bestens vorbereitet.[/vc_column_text][/vc_column_inner][/vc_row_inner][/vc_column][/vc_row][vc_row][vc_column][vc_empty_space height=&#8221;60px&#8221;][/vc_column][/vc_row][vc_row][vc_column][vc_row_inner][vc_column_inner width=&#8221;1/2&#8243;][vc_column_text]</p>
<h3>Welche Größen von Ladekranen gibt es?</h3>
<p>Angefangen bei Ladekranen in der Ausführung als Leichtkran welche z.B. auf 3,5t Fahrgestelle montiert geht es bis zu schweren Ladekranen und Spezialkranen, welche auf Lkw Fahrgestelle montiert werden.</p>
<p>Grundsätzlich unterscheiden wir zwischen Kleinkranen sowie den Klassen Leicht, Mittel, Schwer und Spezialmodelle. Da es in jeder Gruppe eine Vielzahl von Kranen gibt, empfiehlt es sich immer, in einem Beratungsgespräch den genauen Einsatzzweck mit uns zu besprechen. Es ist ärgerlich, wenn der Kran nach kurzer Zeit nicht genug Leistung hat, weil zum Beispiel das Einsatzgebiet erweitert werden soll. Auf der anderen Seite braucht nicht jeder auch wirklich jede Eigenschaft und Leistung.</p>
<p>Wir helfen Ihnen, die optimale Balance zwischen Kosten/Nutzen bei der Wahl ihres Ladekran zu finden.[/vc_column_text][/vc_column_inner][vc_column_inner width=&#8221;1/2&#8243;][vc_single_image image=&#8221;2748&#8243; img_size=&#8221;full&#8221; alignment=&#8221;right&#8221; css=&#8221;.vc_custom_1605185603760{margin-top: 20px !important;}&#8221;][/vc_column_inner][/vc_row_inner][/vc_column][/vc_row][vc_row][vc_column][vc_empty_space height=&#8221;60px&#8221;][/vc_column][/vc_row][vc_row][vc_column][vc_row_inner][vc_column_inner][vc_column_text]</p>
<h3>Einblicke in unsere Ladekranaufbauten</h3>
<p>Schauen Sie sich an, was unsere Kunden mit Ihrem Ladekran so &#8220;wuppen&#8221; und welche Erfahrungen wir im Bereich der Ladekranaufbauten haben.[/vc_column_text][/vc_column_inner][/vc_row_inner][vc_row_inner][vc_column_inner width=&#8221;1/2&#8243;][vc_column_text]</p>
<h4 class="title style-scope ytd-video-primary-info-renderer">Zimmerei Bauwerk Maximilian Heese setzt auf MAN TGX und Palfinger PK 42002 Kran</h4>
<p>[/vc_column_text][vc_column_text]<div class='cookieplus'><div class='cookieplus-blocked-cookies-message'>Inhalt gesperrt, Sie müssen Cookies akzeptieren, um diesen Inhalt zu sehen.</div><div  class='cookieplus-btn cookieplus-btn-green  cookieplus-btn-accept-cookies' style='border-radius: 5px; '>Cookies akzeptieren</div></div>[/vc_column_text][vc_column_text css=&#8221;.vc_custom_1605182796257{margin-top: -20px !important;}&#8221;]Herr Heese hat sich für seine Zimmerei bei uns in Hameln ein MAN Fahrgestellt mit einem Palfinger Kran aufbauen lassen. Für die Montage von Dachstühlen ist er somit bestens ausgerüstet und muss keinen Kran mehr dazu mieten. Das bedeutet mehr Flexibilität und die Erschließung von weiteren Geschäftsfeldern &#8211; schließlich hebt der Kran nicht nur Dachstühle.[/vc_column_text][/vc_column_inner][vc_column_inner width=&#8221;1/2&#8243;][vc_column_text]</p>
<h4>Ladekranaufbauten von Fahrzeugbau Schierling</h4>
<p>[/vc_column_text][/vc_column_inner][/vc_row_inner][/vc_column][/vc_row][vc_row][vc_column][vc_column_text css_animation=&#8221;bounceInUp&#8221; css=&#8221;.vc_custom_1605183734060{margin-right: 5% !important;margin-left: 5% !important;border-top-width: 2px !important;border-right-width: 2px !important;border-bottom-width: 2px !important;border-left-width: 2px !important;padding-top: 50px !important;padding-right: 30px !important;padding-bottom: 50px !important;padding-left: 30px !important;border-left-color: #0061a1 !important;border-left-style: solid !important;border-right-color: #0061a1 !important;border-right-style: solid !important;border-top-color: #0061a1 !important;border-top-style: solid !important;border-bottom-color: #0061a1 !important;border-bottom-style: solid !important;border-radius: 15px !important;}&#8221;]</p>
<h3 style="text-align: center;"><span style="color: #000000;">Sie haben Fragen zu Ladenkranen?</span></h3>
<p style="text-align: center;"><span style="color: #000000;">Wir stehen Ihnen gerne behilflich zur Seite.<br />
Kontaktieren Sie uns und gemeinsam erschaffen wir das optimale Ladekran Fahrzeug für Sie!<br />
<a href="https://www.truckxxgroup.de/fahrzeugbau-schierling/kontakt/"><strong>Jetzt Kontakt aufnehmen.</strong></a></span></p>
<p>[/vc_column_text][/vc_column][/vc_row]</p>
</div>

<p>[vc_row][vc_column width=&#8221;1/2&#8243;][vc_column_text] Ladekrane &#8211; Die mobilen Helfer Ob Baustoffhändler, Zimmerei, Straßenmeisterei, Feuerwehr oder in anderen Branchen: Ladekrane vom Leichtkran über mittlere, schwere bis hin zum Spezialladekran sind unerlässliche Helfer bei vielen Anwendungen. Der Aufbau eines Fahrgestells mit Ladekran will wohl durchdacht sein. Dafür stehen wir von Fahrzeugbau Schierling Ihnen beratend und ausführend von der Planung&hellip;</p>
