{"id":25,"date":"2015-07-14T09:28:09","date_gmt":"2015-07-14T07:28:09","guid":{"rendered":"http:\/\/www.truckxgroup.detestwww\/fahrzeugbau-schierling\/?page_id=25"},"modified":"2025-12-30T15:04:27","modified_gmt":"2025-12-30T14:04:27","slug":"ueber-uns","status":"publish","type":"page","link":"https:\/\/www.truckxxgroup.de\/fahrzeugbau-schierling\/ueber-uns\/","title":{"rendered":"\u00dcber uns"},"content":{"rendered":"<div class=\"wpb-content-wrapper\"><p>[vc_row][vc_column][vc_column_text]<\/p>\n<h3 style=\"text-align: center;\">Ihr Partner rund um Nutzfahrzeuge<\/h3>\n<p style=\"text-align: center;\">Fahrzeugbau Schierling GmbH ist Ihr zuverl\u00e4ssiger Partner im Nutzfahrzeuggesch\u00e4ft. Ob LKW, Bus, Transporter, Anh\u00e4nger oder Auflieger: Wir bieten Ihnen umfassenden Service f\u00fcr den Erhalt der Mobilit\u00e4t. Unser hauseigener Fahrzeugbau realisiert Umbauten nach Ma\u00df und richtet Unfallsch\u00e4den getreu dem Motto &#8220;Besser als neu&#8221;. Dar\u00fcber hinaus warten und reparieren wir alles rund um&#8217;s Nutzfahrzeug. Dazu geh\u00f6ren nat\u00fcrlich auch Wohnwagen \/ Wohnmobile und Transporter.<\/p>\n<p>[\/vc_column_text][\/vc_column][\/vc_row][vc_row][vc_column width=&#8221;1\/3&#8243;][vc_single_image image=&#8221;522&#8243; img_size=&#8221;full&#8221; alignment=&#8221;center&#8221; style=&#8221;vc_box_shadow_3d&#8221; css_animation=&#8221;left-to-right&#8221;][vc_column_text css=&#8221;.vc_custom_1767103444607{margin-top: -40px !important;}&#8221;]<\/p>\n<p style=\"text-align: center; font-size: 14px; line-height: 16px;\">Hier dreht sich alles um&#8217;s Nutzfahrzeug: LKW, Bus, Transporter, Anh\u00e4nger, Auflieger, Wohnwagen.<\/p>\n<p>[\/vc_column_text][\/vc_column][vc_column width=&#8221;1\/3&#8243;][vc_single_image image=&#8221;527&#8243; img_size=&#8221;full&#8221; alignment=&#8221;center&#8221; style=&#8221;vc_box_shadow_3d&#8221; css_animation=&#8221;bottom-to-top&#8221;][vc_column_text css=&#8221;.vc_custom_1767103459813{margin-top: -40px !important;}&#8221;]<\/p>\n<p style=\"text-align: center; font-size: 14px; line-height: 16px;\">Besuchen Sie uns: Otto-K\u00f6rting-Stra\u00dfe 2 \u2219 31789 Hameln<\/p>\n<p>[\/vc_column_text][\/vc_column][vc_column width=&#8221;1\/3&#8243;][vc_single_image image=&#8221;577&#8243; img_size=&#8221;full&#8221; alignment=&#8221;center&#8221; style=&#8221;vc_box_shadow_3d&#8221; css_animation=&#8221;right-to-left&#8221;][vc_column_text css=&#8221;.vc_custom_1767103466590{margin-top: -40px !important;}&#8221;]<\/p>\n<p style=\"text-align: center; font-size: 14px; line-height: 16px;\">Wir machen das &#8220;Unm\u00f6gliche&#8221; m\u00f6glich: Unfallinstandsetzung, Rahmen richten und Vermessung.<\/p>\n<p>[\/vc_column_text][\/vc_column][\/vc_row][vc_row][vc_column][vc_separator][\/vc_column][\/vc_row][vc_row][vc_column][vc_column_text]<\/p>\n<h3 id=\"historie\" style=\"text-align: center;\">Unsere Historie: Fahrzeugbau Schierling GmbH<\/h3>\n<p style=\"text-align: center;\"><img loading=\"lazy\" decoding=\"async\" class=\"aligncenter size-full wp-image-530\" src=\"http:\/\/www.truckxgroup.detestwww\/fahrzeugbau-schierling\/wp-content\/uploads\/sites\/5\/2015\/07\/Historie-FZB.jpg\" alt=\"Historie Fahrzeugbau Schierling GmbH\" width=\"1100\" height=\"400\" srcset=\"https:\/\/www.truckxxgroup.de\/fahrzeugbau-schierling\/wp-content\/uploads\/sites\/5\/2015\/07\/Historie-FZB.jpg 1100w, https:\/\/www.truckxxgroup.de\/fahrzeugbau-schierling\/wp-content\/uploads\/sites\/5\/2015\/07\/Historie-FZB-300x109.jpg 300w, https:\/\/www.truckxxgroup.de\/fahrzeugbau-schierling\/wp-content\/uploads\/sites\/5\/2015\/07\/Historie-FZB-1024x372.jpg 1024w\" sizes=\"auto, (max-width: 1100px) 100vw, 1100px\" \/><\/p>\n<p>[\/vc_column_text][\/vc_column][\/vc_row][vc_row][vc_column width=&#8221;1\/4&#8243;][vc_single_image image=&#8221;535&#8243; img_size=&#8221;full&#8221; alignment=&#8221;center&#8221; style=&#8221;vc_box_shadow_3d&#8221; css_animation=&#8221;left-to-right&#8221;][\/vc_column][vc_column width=&#8221;1\/2&#8243;][vc_column_text]<\/p>\n<p style=\"font-size: 18px; text-align: left;\"><strong>Gr\u00fcndung<\/strong> Hermann Behrens Fahrzeugbau durch Hermann Behrens &#8211; Damaliger Firmensitz: Am Zehnthof 12 in Hameln.<\/p>\n<p>[\/vc_column_text][\/vc_column][vc_column width=&#8221;1\/4&#8243;][\/vc_column][\/vc_row][vc_row][vc_column width=&#8221;1\/4&#8243;][\/vc_column][vc_column width=&#8221;1\/2&#8243;][vc_column_text]<\/p>\n<p style=\"font-size: 18px; text-align: right;\">Neuanfang nach dem Krieg als &#8220;Behrens u. Richter&#8221;<\/p>\n<p>[\/vc_column_text][\/vc_column][vc_column width=&#8221;1\/4&#8243;][vc_single_image image=&#8221;536&#8243; img_size=&#8221;full&#8221; alignment=&#8221;center&#8221; style=&#8221;vc_box_shadow_3d&#8221; css_animation=&#8221;right-to-left&#8221;][\/vc_column][\/vc_row][vc_row][vc_column width=&#8221;1\/4&#8243;][vc_single_image image=&#8221;538&#8243; img_size=&#8221;full&#8221; alignment=&#8221;center&#8221; style=&#8221;vc_box_shadow_3d&#8221; css_animation=&#8221;left-to-right&#8221;][\/vc_column][vc_column width=&#8221;1\/2&#8243;][vc_column_text]<\/p>\n<p style=\"font-size: 18px; text-align: left;\">Es erfolgt die Umsiedlung in die St\u00fcvestra\u00dfe 38 in Hameln.<\/p>\n<p>[\/vc_column_text][\/vc_column][vc_column width=&#8221;1\/4&#8243;][\/vc_column][\/vc_row][vc_row][vc_column width=&#8221;1\/4&#8243;][\/vc_column][vc_column width=&#8221;1\/2&#8243;][vc_column_text]<\/p>\n<p style=\"font-size: 18px; text-align: right;\">Friedrich <strong>Schierling<\/strong> erwarb das Unternehmen.<\/p>\n<p>[\/vc_column_text][\/vc_column][vc_column width=&#8221;1\/4&#8243;][vc_single_image image=&#8221;540&#8243; img_size=&#8221;full&#8221; alignment=&#8221;center&#8221; style=&#8221;vc_box_shadow_3d&#8221; css_animation=&#8221;right-to-left&#8221;][\/vc_column][\/vc_row][vc_row][vc_column width=&#8221;1\/4&#8243;][vc_single_image image=&#8221;542&#8243; img_size=&#8221;full&#8221; alignment=&#8221;center&#8221; style=&#8221;vc_box_shadow_3d&#8221; css_animation=&#8221;left-to-right&#8221;][\/vc_column][vc_column width=&#8221;1\/2&#8243;][vc_column_text]<\/p>\n<p style=\"font-size: 18px; text-align: left;\">Heinz-J\u00f6rg <strong>Templin<\/strong> trat in das Unternehmen ein.<\/p>\n<p>[\/vc_column_text][\/vc_column][vc_column width=&#8221;1\/4&#8243;][\/vc_column][\/vc_row][vc_row][vc_column width=&#8221;1\/4&#8243;][\/vc_column][vc_column width=&#8221;1\/2&#8243;][vc_column_text]<\/p>\n<p style=\"font-size: 18px; text-align: right;\">Das Unternehmen wurde in Fahrzeugbau Schierling GmbH umbenannt und Heinz-J\u00f6rg Templin als Gesch\u00e4ftsf\u00fchrer eingesetzt.<\/p>\n<p>[\/vc_column_text][\/vc_column][vc_column width=&#8221;1\/4&#8243;][vc_single_image image=&#8221;543&#8243; img_size=&#8221;full&#8221; alignment=&#8221;center&#8221; style=&#8221;vc_box_shadow_3d&#8221; css_animation=&#8221;right-to-left&#8221;][\/vc_column][\/vc_row][vc_row][vc_column width=&#8221;1\/4&#8243;][vc_single_image image=&#8221;545&#8243; img_size=&#8221;full&#8221; alignment=&#8221;center&#8221; style=&#8221;vc_box_shadow_3d&#8221; css_animation=&#8221;left-to-right&#8221;][\/vc_column][vc_column width=&#8221;1\/2&#8243;][vc_column_text]<\/p>\n<p style=\"font-size: 18px; text-align: left;\">\u00a0Heinz-J\u00f6rg Templin wird alleiniger Gesch\u00e4ftsf\u00fchrer des Unternehmens.<\/p>\n<p>[\/vc_column_text][\/vc_column][vc_column width=&#8221;1\/4&#8243;][\/vc_column][\/vc_row][vc_row][vc_column width=&#8221;1\/4&#8243;][\/vc_column][vc_column width=&#8221;1\/2&#8243;][vc_column_text]<\/p>\n<p style=\"font-size: 18px; text-align: right;\">Neubau des heutigen Firmengeb\u00e4udes und Umzug in die Otto-K\u00f6rting-Stra\u00dfe 2 in Hameln.<\/p>\n<p>[\/vc_column_text][\/vc_column][vc_column width=&#8221;1\/4&#8243;][vc_single_image image=&#8221;547&#8243; img_size=&#8221;full&#8221; alignment=&#8221;center&#8221; style=&#8221;vc_box_shadow_3d&#8221; css_animation=&#8221;right-to-left&#8221;][\/vc_column][\/vc_row][vc_row][vc_column width=&#8221;1\/4&#8243;][vc_single_image image=&#8221;549&#8243; img_size=&#8221;full&#8221; alignment=&#8221;center&#8221; style=&#8221;vc_box_shadow_3d&#8221; css_animation=&#8221;left-to-right&#8221;][\/vc_column][vc_column width=&#8221;1\/2&#8243;][vc_column_text css=&#8221;&#8221;]<\/p>\n<p style=\"font-size: 18px; text-align: left;\">Fahrzeugbau Schierling GmbH wird <strong>MAN<\/strong> Nutzfahrzeuge <strong>Vertragspartner<\/strong>. Im Jahr 2024 blicken wir nunmehr auf 26 Jahre erfolgreiche MAN Vertragspartnerschaft zur\u00fcck.<\/p>\n<p>[\/vc_column_text][\/vc_column][vc_column width=&#8221;1\/4&#8243;][\/vc_column][\/vc_row][vc_row][vc_column width=&#8221;1\/4&#8243;][\/vc_column][vc_column width=&#8221;1\/2&#8243;][vc_column_text]<\/p>\n<p style=\"font-size: 18px; text-align: right;\">Es erfolgt eine Erweiterung des Grundst\u00fccks um 5.000 m\u00b2.<\/p>\n<p>[\/vc_column_text][\/vc_column][vc_column width=&#8221;1\/4&#8243;][vc_single_image image=&#8221;551&#8243; img_size=&#8221;full&#8221; alignment=&#8221;center&#8221; style=&#8221;vc_box_shadow_3d&#8221; css_animation=&#8221;right-to-left&#8221;][\/vc_column][\/vc_row][vc_row][vc_column width=&#8221;1\/4&#8243;][vc_single_image image=&#8221;552&#8243; img_size=&#8221;full&#8221; alignment=&#8221;center&#8221; style=&#8221;vc_box_shadow_3d&#8221; css_animation=&#8221;left-to-right&#8221;][\/vc_column][vc_column width=&#8221;1\/2&#8243;][vc_column_text]<\/p>\n<p style=\"font-size: 18px; text-align: left;\">Es erfolgt eine Erweiterung der Parkfl\u00e4chen in der Otto-K\u00f6rting-Stra\u00dfe.<\/p>\n<p>[\/vc_column_text][\/vc_column][vc_column width=&#8221;1\/4&#8243;][\/vc_column][\/vc_row][vc_row][vc_column width=&#8221;1\/4&#8243;][\/vc_column][vc_column width=&#8221;1\/2&#8243;][vc_column_text]<\/p>\n<p style=\"font-size: 18px; text-align: right;\">Er\u00f6ffnung eines weiteren Standortes mit dem<br \/>\n<a href=\"#\" target=\"_blank\" rel=\"noopener\">Truck Center Lauenau<\/a> direkt an der A2.<\/p>\n<p>[\/vc_column_text][\/vc_column][vc_column width=&#8221;1\/4&#8243;][vc_single_image image=&#8221;564&#8243; img_size=&#8221;full&#8221; alignment=&#8221;center&#8221; style=&#8221;vc_box_shadow_3d&#8221; css_animation=&#8221;right-to-left&#8221;][\/vc_column][\/vc_row][vc_row][vc_column width=&#8221;1\/4&#8243;][vc_single_image image=&#8221;566&#8243; img_size=&#8221;full&#8221; alignment=&#8221;center&#8221; style=&#8221;vc_box_shadow_3d&#8221; css_animation=&#8221;left-to-right&#8221;][\/vc_column][vc_column width=&#8221;1\/2&#8243;][vc_column_text]<\/p>\n<p style=\"font-size: 18px; text-align: left;\">Martina Hobein verst\u00e4rkt die Gesch\u00e4ftsleitung und wird kaufm\u00e4nnische Gesch\u00e4ftsf\u00fchrerin.<\/p>\n<p>[\/vc_column_text][\/vc_column][vc_column width=&#8221;1\/4&#8243;][\/vc_column][\/vc_row][vc_row][vc_column width=&#8221;1\/4&#8243;][\/vc_column][vc_column width=&#8221;1\/2&#8243;][vc_column_text]<\/p>\n<p style=\"font-size: 18px; text-align: right;\">Fahrzeugbau Schierling GmbH wird Vertragspartner von Solaris Bus &amp; Coach.<\/p>\n<p>[\/vc_column_text][\/vc_column][vc_column width=&#8221;1\/4&#8243;][vc_single_image image=&#8221;566&#8243; img_size=&#8221;full&#8221; alignment=&#8221;center&#8221; style=&#8221;vc_box_shadow_3d&#8221; css_animation=&#8221;right-to-left&#8221;][\/vc_column][\/vc_row][vc_row][vc_column width=&#8221;1\/4&#8243;][vc_single_image image=&#8221;569&#8243; img_size=&#8221;full&#8221; alignment=&#8221;center&#8221; style=&#8221;vc_box_shadow_3d&#8221; css_animation=&#8221;left-to-right&#8221;][\/vc_column][vc_column width=&#8221;1\/2&#8243;][vc_column_text]<\/p>\n<p style=\"font-size: 18px; text-align: left;\">Erweiterung des Angebotes um Service f\u00fcr Transporter mit Errichtung einer eigenen Transporterhalle.<\/p>\n<p>[\/vc_column_text][\/vc_column][vc_column width=&#8221;1\/4&#8243;][\/vc_column][\/vc_row][vc_row][vc_column width=&#8221;1\/4&#8243;][\/vc_column][vc_column width=&#8221;1\/2&#8243;][vc_column_text]<\/p>\n<p style=\"font-size: 18px; text-align: left;\">Vanessa Templin-Barsuhn (Tochter vom Gesellschafter Heinz-J\u00f6rg Templin) tritt in die Gesch\u00e4ftsleitung ein und wird Gesch\u00e4ftsf\u00fchrerin.<\/p>\n<p>[\/vc_column_text][\/vc_column][vc_column width=&#8221;1\/4&#8243;][vc_single_image image=&#8221;572&#8243; img_size=&#8221;full&#8221; alignment=&#8221;center&#8221; style=&#8221;vc_box_shadow_3d&#8221; css_animation=&#8221;left-to-right&#8221;][\/vc_column][\/vc_row][vc_row][vc_column width=&#8221;1\/4&#8243;][vc_single_image image=&#8221;574&#8243; img_size=&#8221;full&#8221; alignment=&#8221;center&#8221; style=&#8221;vc_box_shadow_3d&#8221; css_animation=&#8221;right-to-left&#8221;][\/vc_column][vc_column width=&#8221;1\/2&#8243;][vc_column_text]<\/p>\n<p style=\"font-size: 18px; text-align: right;\">Hallenbereich f\u00fcr die Fa. <a href=\"https:\/\/www.hansa-flex.com\/\" target=\"_blank\" rel=\"noopener\">Hansaflex<\/a> wird auf die doppelte Fl\u00e4che vergr\u00f6\u00dfert. <em>(Hansaflex Standort auf dem Firmengel\u00e4nde von Fahrzeugbau Schierling GmbH)<\/em><\/p>\n<p>[\/vc_column_text][\/vc_column][vc_column width=&#8221;1\/4&#8243;][\/vc_column][\/vc_row][vc_row][vc_column width=&#8221;1\/4&#8243;][\/vc_column][vc_column width=&#8221;1\/2&#8243;][vc_column_text]<\/p>\n<p style=\"font-size: 18px; text-align: left;\">Vanessa Templin-Barsuhn wird zur Gesellschafterin.<\/p>\n<p>[\/vc_column_text][\/vc_column][vc_column width=&#8221;1\/4&#8243;][vc_single_image image=&#8221;574&#8243; img_size=&#8221;full&#8221; alignment=&#8221;center&#8221; style=&#8221;vc_box_shadow_3d&#8221; css_animation=&#8221;left-to-right&#8221;][\/vc_column][\/vc_row]<\/p>\n<\/div>","protected":false},"excerpt":{"rendered":"<p>[vc_row][vc_column][vc_column_text] Ihr Partner rund um Nutzfahrzeuge Fahrzeugbau Schierling GmbH ist Ihr zuverl\u00e4ssiger Partner im Nutzfahrzeuggesch\u00e4ft. Ob LKW, Bus, Transporter, Anh\u00e4nger oder Auflieger: Wir bieten Ihnen umfassenden Service f\u00fcr den Erhalt der Mobilit\u00e4t. Unser hauseigener Fahrzeugbau realisiert Umbauten nach Ma\u00df und richtet Unfallsch\u00e4den getreu dem Motto &#8220;Besser als neu&#8221;. Dar\u00fcber hinaus warten und reparieren wir alles&hellip;<\/p>\n","protected":false},"author":2,"featured_media":0,"parent":0,"menu_order":0,"comment_status":"closed","ping_status":"open","template":"","meta":{"footnotes":""},"class_list":["post-25","page","type-page","status-publish","hentry","description-off"],"_links":{"self":[{"href":"https:\/\/www.truckxxgroup.de\/fahrzeugbau-schierling\/wp-json\/wp\/v2\/pages\/25","targetHints":{"allow":["GET"]}}],"collection":[{"href":"https:\/\/www.truckxxgroup.de\/fahrzeugbau-schierling\/wp-json\/wp\/v2\/pages"}],"about":[{"href":"https:\/\/www.truckxxgroup.de\/fahrzeugbau-schierling\/wp-json\/wp\/v2\/types\/page"}],"author":[{"embeddable":true,"href":"https:\/\/www.truckxxgroup.de\/fahrzeugbau-schierling\/wp-json\/wp\/v2\/users\/2"}],"replies":[{"embeddable":true,"href":"https:\/\/www.truckxxgroup.de\/fahrzeugbau-schierling\/wp-json\/wp\/v2\/comments?post=25"}],"version-history":[{"count":58,"href":"https:\/\/www.truckxxgroup.de\/fahrzeugbau-schierling\/wp-json\/wp\/v2\/pages\/25\/revisions"}],"predecessor-version":[{"id":18993,"href":"https:\/\/www.truckxxgroup.de\/fahrzeugbau-schierling\/wp-json\/wp\/v2\/pages\/25\/revisions\/18993"}],"wp:attachment":[{"href":"https:\/\/www.truckxxgroup.de\/fahrzeugbau-schierling\/wp-json\/wp\/v2\/media?parent=25"}],"curies":[{"name":"wp","href":"https:\/\/api.w.org\/{rel}","templated":true}]}}